{"id":528,"date":"2020-04-28T13:52:48","date_gmt":"2020-04-28T12:52:48","guid":{"rendered":"https:\/\/ljv-sachsen-anhalt.de\/jaegerschaft-burg\/?page_id=528"},"modified":"2021-08-30T11:12:33","modified_gmt":"2021-08-30T10:12:33","slug":"schwarzwildgatter","status":"publish","type":"page","link":"https:\/\/ljv-sachsen-anhalt.de\/jaegerschaft-burg\/schwarzwildgatter\/","title":{"rendered":"Schwarzwildgatter"},"content":{"rendered":"<div class=\"wpb-content-wrapper\"><p>[vc_row][vc_column width=&#8220;1\/2&#8243;][vc_column_text]<\/p>\n<h3><strong>Schwarzwildgatter Schweinitz<\/strong><\/h3>\n<p>Im Schwarzwildgatter Schweinitz ist seit 2008 eine aktive Ausbildung unserer Jagdhunde m\u00f6glich.<br \/>\nEs werden j\u00e4hrlich rund 200 Jagdhunde ausgebildet und der Brauchbarkeitspr\u00fcfung unterzogen.<br \/>\nDerzeit stehen im neugestalteten Gatter drei Sauen zur Verf\u00fcgung.[\/vc_column_text][vc_row_inner][vc_column_inner width=&#8220;1\/2&#8243;][vc_column_text]<strong>Gattermeister<\/strong><\/p>\n<p><strong>Telefon<\/strong><\/p>\n<p><strong>Mobil <\/strong><\/p>\n<p><strong>Email<\/strong><\/p>\n<p><strong>\u00d6ffnungszeiten <\/strong><\/p>\n<p><strong>Kosten <\/strong><\/p>\n<p>&nbsp;<\/p>\n<p>[\/vc_column_text][\/vc_column_inner][vc_column_inner width=&#8220;1\/2&#8243;][vc_column_text]<strong>Bernhard Runge<\/strong><\/p>\n<p><strong>\u00a0<\/strong><\/p>\n<p><strong>0174\/9943266<\/strong><\/p>\n<p>&nbsp;<\/p>\n<p><strong>\u00a0nach Vereinbarung<\/strong><\/p>\n<p><strong><br \/>\nMitglieder LJV Sachen \u2013 Anhalt \u00a0 10 EURO<br \/>\nNichtmitglieder \u00a0 \u00a0 \u00a0 \u00a0 \u00a0 \u00a0 \u00a0 \u00a0 \u00a0 \u00a0 \u00a0 \u00a0 \u00a0 \u00a0 \u00a0 \u00a0 \u00a0 \u00a0 \u00a0 20 EURO<\/strong>[\/vc_column_text][\/vc_column_inner][\/vc_row_inner][\/vc_column][vc_column width=&#8220;1\/2&#8243;][vc_single_image image=&#8220;1176&#8243; img_size=&#8220;medium&#8220;][vc_gmaps link=&#8220;#E-8_JTNDaWZyYW1lJTIwc3JjJTNEJTIyaHR0cHMlM0ElMkYlMkZ3d3cuZ29vZ2xlLmNvbSUyRm1hcHMlMkZlbWJlZCUzRnBiJTNEJTIxMW0xOCUyMTFtMTIlMjExbTMlMjExZDI0NDkuMjU1NDI5MTQ2OTMwNSUyMTJkMTIuMTMxNjc4NzE1OTM2Mjk3JTIxM2Q1Mi4xMjk2NzQ5NzI4MzQyNyUyMTJtMyUyMTFmMCUyMTJmMCUyMTNmMCUyMTNtMiUyMTFpMTAyNCUyMTJpNzY4JTIxNGYxMy4xJTIxM20zJTIxMW0yJTIxMXMweDQ3YThhOTdjYmNiNTljOWIlMjUzQTB4ZTdiNzI2NWRiNDAwODUwMCUyMTJzU2NoaWUlMjVDMyUyNTlGc3BvcnRhbmxhZ2UlMjUyMFNjaHdlaW5pdHolMjE1ZTAlMjEzbTIlMjExc2RlJTIxMnNkZSUyMTR2MTU4ODA2NzMwMzA5NSUyMTVtMiUyMTFzZGUlMjEyc2RlJTIyJTIwd2lkdGglM0QlMjI2MDAlMjIlMjBoZWlnaHQlM0QlMjI0NTAlMjIlMjBmcmFtZWJvcmRlciUzRCUyMjAlMjIlMjBzdHlsZSUzRCUyMmJvcmRlciUzQTAlM0IlMjIlMjBhbGxvd2Z1bGxzY3JlZW4lM0QlMjIlMjIlMjBhcmlhLWhpZGRlbiUzRCUyMmZhbHNlJTIyJTIwdGFiaW5kZXglM0QlMjIwJTIyJTNFJTNDJTJGaWZyYW1lJTNF&#8220;][\/vc_column][\/vc_row][vc_row][vc_column width=&#8220;1\/2&#8243;][vc_row_inner][vc_column_inner width=&#8220;1\/2&#8243;][\/vc_column_inner][vc_column_inner width=&#8220;1\/2&#8243;][\/vc_column_inner][\/vc_row_inner][\/vc_column][vc_column width=&#8220;1\/2&#8243;][\/vc_column][\/vc_row][vc_row][vc_column][\/vc_column][\/vc_row]<\/p>\n<\/div>","protected":false},"excerpt":{"rendered":"<p>[vc_row][vc_column width=&#8220;1\/2&#8243;][vc_column_text] Schwarzwildgatter Schweinitz Im Schwarzwildgatter Schweinitz ist seit 2008 eine aktive Ausbildung unserer Jagdhunde m\u00f6glich. Es werden j\u00e4hrlich rund 200 Jagdhunde ausgebildet und der Brauchbarkeitspr\u00fcfung unterzogen. Derzeit stehen im neugestalteten Gatter drei Sauen zur Verf\u00fcgung.[\/vc_column_text][vc_row_inner][vc_column_inner width=&#8220;1\/2&#8243;][vc_column_text]Gattermeister Telefon Mobil Email \u00d6ffnungszeiten Kosten &nbsp; [\/vc_column_text][\/vc_column_inner][vc_column_inner width=&#8220;1\/2&#8243;][vc_column_text]Bernhard Runge \u00a0 0174\/9943266 &nbsp; \u00a0nach [&hellip;]<\/p>\n","protected":false},"author":28,"featured_media":0,"parent":0,"menu_order":5,"comment_status":"closed","ping_status":"closed","template":"","meta":{"footnotes":""},"class_list":["post-528","page","type-page","status-publish"],"_links":{"self":[{"href":"https:\/\/ljv-sachsen-anhalt.de\/jaegerschaft-burg\/wp-json\/wp\/v2\/pages\/528","targetHints":{"allow":["GET"]}}],"collection":[{"href":"https:\/\/ljv-sachsen-anhalt.de\/jaegerschaft-burg\/wp-json\/wp\/v2\/pages"}],"about":[{"href":"https:\/\/ljv-sachsen-anhalt.de\/jaegerschaft-burg\/wp-json\/wp\/v2\/types\/page"}],"author":[{"embeddable":true,"href":"https:\/\/ljv-sachsen-anhalt.de\/jaegerschaft-burg\/wp-json\/wp\/v2\/users\/28"}],"replies":[{"embeddable":true,"href":"https:\/\/ljv-sachsen-anhalt.de\/jaegerschaft-burg\/wp-json\/wp\/v2\/comments?post=528"}],"version-history":[{"count":7,"href":"https:\/\/ljv-sachsen-anhalt.de\/jaegerschaft-burg\/wp-json\/wp\/v2\/pages\/528\/revisions"}],"predecessor-version":[{"id":1177,"href":"https:\/\/ljv-sachsen-anhalt.de\/jaegerschaft-burg\/wp-json\/wp\/v2\/pages\/528\/revisions\/1177"}],"wp:attachment":[{"href":"https:\/\/ljv-sachsen-anhalt.de\/jaegerschaft-burg\/wp-json\/wp\/v2\/media?parent=528"}],"curies":[{"name":"wp","href":"https:\/\/api.w.org\/{rel}","templated":true}]}}