{"id":596,"date":"2020-07-21T10:26:55","date_gmt":"2020-07-21T09:26:55","guid":{"rendered":"https:\/\/ljv-sachsen-anhalt.de\/jaegerschaft-burg\/?page_id=596"},"modified":"2023-06-27T12:37:09","modified_gmt":"2023-06-27T11:37:09","slug":"hegeringe-der-jaegerschaft-burg","status":"publish","type":"page","link":"https:\/\/ljv-sachsen-anhalt.de\/jaegerschaft-burg\/hegeringe-der-jaegerschaft-burg\/","title":{"rendered":"Hegeringe der J\u00e4gerschaft Burg"},"content":{"rendered":"<div class=\"wpb-content-wrapper\"><p>[vc_row][vc_column width=&#8220;1\/2&#8243;][vc_column_text]<\/p>\n<h3><strong>Hegeringe der J\u00e4gerschaft <\/strong><\/h3>\n<p>[\/vc_column_text][vc_row_inner][vc_column_inner width=&#8220;1\/2&#8243; offset=&#8220;vc_col-xs-6&#8243;][vc_column_text]<strong>Ort<\/strong><\/p>\n<p>Reesen<\/p>\n<p>Stegeliz<\/p>\n<p>Gommern<\/p>\n<p>Vehlitz<\/p>\n<p>R\u00e4ckendorf<\/p>\n<p>M\u00f6ckern<\/p>\n<p>Niegripp<\/p>\n<p>Loburg<\/p>\n<p>LFB Magdeburgerforth[\/vc_column_text][\/vc_column_inner][vc_column_inner width=&#8220;1\/2&#8243; offset=&#8220;vc_col-xs-6&#8243;][vc_column_text]<strong>Ansprechpartner<\/strong><\/p>\n<p>Thomas Heger<\/p>\n<p>Matthias Donth<\/p>\n<p>Walter D\u00f6meland<\/p>\n<p>B\u00f6rijus Gerlach<\/p>\n<p>Mario Mathiscig<\/p>\n<p>Ronald H\u00e4hnel<\/p>\n<p>Manuel Bethge<\/p>\n<p>Nico Held<\/p>\n<p>B\u00e4rbel Specht[\/vc_column_text][\/vc_column_inner][\/vc_row_inner][\/vc_column][vc_column width=&#8220;1\/2&#8243;][vc_single_image image=&#8220;375&#8243; img_size=&#8220;full&#8220;][\/vc_column][\/vc_row]<\/p>\n<\/div>","protected":false},"excerpt":{"rendered":"<p>[vc_row][vc_column width=&#8220;1\/2&#8243;][vc_column_text] Hegeringe der J\u00e4gerschaft [\/vc_column_text][vc_row_inner][vc_column_inner width=&#8220;1\/2&#8243; offset=&#8220;vc_col-xs-6&#8243;][vc_column_text]Ort Reesen Stegeliz Gommern Vehlitz R\u00e4ckendorf M\u00f6ckern Niegripp Loburg LFB Magdeburgerforth[\/vc_column_text][\/vc_column_inner][vc_column_inner width=&#8220;1\/2&#8243; offset=&#8220;vc_col-xs-6&#8243;][vc_column_text]Ansprechpartner Thomas Heger Matthias Donth Walter D\u00f6meland B\u00f6rijus Gerlach Mario Mathiscig Ronald H\u00e4hnel Manuel Bethge Nico Held B\u00e4rbel Specht[\/vc_column_text][\/vc_column_inner][\/vc_row_inner][\/vc_column][vc_column width=&#8220;1\/2&#8243;][vc_single_image image=&#8220;375&#8243; img_size=&#8220;full&#8220;][\/vc_column][\/vc_row]<\/p>\n","protected":false},"author":28,"featured_media":0,"parent":0,"menu_order":2,"comment_status":"closed","ping_status":"closed","template":"","meta":{"footnotes":""},"class_list":["post-596","page","type-page","status-publish"],"_links":{"self":[{"href":"https:\/\/ljv-sachsen-anhalt.de\/jaegerschaft-burg\/wp-json\/wp\/v2\/pages\/596","targetHints":{"allow":["GET"]}}],"collection":[{"href":"https:\/\/ljv-sachsen-anhalt.de\/jaegerschaft-burg\/wp-json\/wp\/v2\/pages"}],"about":[{"href":"https:\/\/ljv-sachsen-anhalt.de\/jaegerschaft-burg\/wp-json\/wp\/v2\/types\/page"}],"author":[{"embeddable":true,"href":"https:\/\/ljv-sachsen-anhalt.de\/jaegerschaft-burg\/wp-json\/wp\/v2\/users\/28"}],"replies":[{"embeddable":true,"href":"https:\/\/ljv-sachsen-anhalt.de\/jaegerschaft-burg\/wp-json\/wp\/v2\/comments?post=596"}],"version-history":[{"count":12,"href":"https:\/\/ljv-sachsen-anhalt.de\/jaegerschaft-burg\/wp-json\/wp\/v2\/pages\/596\/revisions"}],"predecessor-version":[{"id":1452,"href":"https:\/\/ljv-sachsen-anhalt.de\/jaegerschaft-burg\/wp-json\/wp\/v2\/pages\/596\/revisions\/1452"}],"wp:attachment":[{"href":"https:\/\/ljv-sachsen-anhalt.de\/jaegerschaft-burg\/wp-json\/wp\/v2\/media?parent=596"}],"curies":[{"name":"wp","href":"https:\/\/api.w.org\/{rel}","templated":true}]}}