{"id":4,"date":"2019-10-22T01:10:39","date_gmt":"2019-10-21T23:10:39","guid":{"rendered":"http:\/\/wp.ljv-sachsen-anhalt.de\/jaegerschaft-halberstadt\/event-directory\/"},"modified":"2026-04-13T13:04:33","modified_gmt":"2026-04-13T12:04:33","slug":"termine-events","status":"publish","type":"page","link":"https:\/\/ljv-sachsen-anhalt.de\/jaegerschaft-halberstadt\/termine-events\/","title":{"rendered":"Termine &amp; Events"},"content":{"rendered":"<div class=\"wpb-content-wrapper\"><p>[vc_row][vc_column width=&#8220;1\/2&#8243;][vc_column_text]<\/p>\n<hr \/>\n<h2><strong>Anstehend:\u00a0<\/strong><\/h2>\n<hr \/>\n<p>[\/vc_column_text][vc_column_text css=&#8220;&#8220;]<\/p>\n<h5><strong>Termine Schie\u00dfstand JS Wernigerode 2026<\/strong><\/h5>\n<p>17.01. \/ 13.02. \/ 21.03. \/ 09.04. \/ <strong>22.05.<\/strong> \/ <strong>05.06.<\/strong> \/ <strong>04.07.<\/strong> \/ <strong>26.09.<\/strong> \/ <strong>17.10.<\/strong> \/ <strong>14.11.<\/strong><\/p>\n<h5><strong>Termine Schie\u00dfstand Ballenstedt JS Quedlinburg 2026<\/strong><\/h5>\n<p>25.03. \/ 10.04. \/ <strong>24.04.<\/strong><\/p>\n<hr \/>\n<p>[\/vc_column_text][vc_column_text css=&#8220;&#8220;]<span class=\"dropcap\">25.04.2026<\/span><\/p>\n<h5><strong>Jahreshauptversammlung der J\u00e4gerschaft Halberstadt<\/strong><\/h5>\n<p><strong>Status der Veranstaltung: <span style=\"color: #99cc00\">geplant<\/span><\/strong><\/p>\n<p>Am\u00a0<strong>Samstag den 25.04.26 <\/strong>l\u00e4dt die J\u00e4gerschaft <strong>ab 09:00 Uhr<\/strong> zu unserer j\u00e4hrlichen Hauptversammlung samt Hegeschau in den <strong>Athenstedter Hof<\/strong> ein.[\/vc_column_text][vc_column_text css=&#8220;&#8220;]<span class=\"dropcap\">02.05.2026\u00a0<\/span><\/p>\n<h5><strong>Harzer Jagdpokal 2026 J\u00e4gerschaften HBS, QLB &amp; WR<\/strong><\/h5>\n<p><strong>Status der Veranstaltung: <span style=\"color: #99cc00\">geplant<\/span><\/strong><\/p>\n<p>Am <strong>Samstag den 02.05. ab 08:00 Uhr<\/strong> richtet die JS Quedlinburg den j\u00e4hrlichen Harzer Jagdpokal aus.<\/p>\n<p>Disziplinen:<\/p>\n<ul>\n<li>jagdlich Skeet (15 Wurfscheiben)<\/li>\n<li>jagdlich Trap (15 Wurfscheiben)<\/li>\n<li>jagdlicher Parcours (15 Wurfscheiben)<\/li>\n<li>stehend angestrichen KK 50m (5 Schuss)<\/li>\n<li>stehend freih\u00e4ndig KK 50m (5 Schuss)<\/li>\n<\/ul>\n<p>Anmeldung bis <strong>25.04.<\/strong> unter <strong>hegering-ballenstedt@web.de<\/strong><\/p>\n<p>Startgeb\u00fchr: 30 Euro[\/vc_column_text][vc_column_text]<\/p>\n<hr \/>\n<h2><strong>Abgeschlossen:\u00a0<\/strong><\/h2>\n<hr \/>\n<p>[\/vc_column_text][vc_column_text css=&#8220;&#8220;]<span class=\"dropcap\">04.04.2026<\/span><\/p>\n<h5><strong>\u00dcbungsschie\u00dfen der J\u00e4gerschaft Halberstadt<\/strong><\/h5>\n<p><strong>Status der Veranstaltung: <span style=\"color: #99cc00\"><span style=\"color: #0000ff\">abgeschlossen<\/span><\/span><\/strong><\/p>\n<p>Am\u00a0<strong>Samstag den 04.04.26 <\/strong>l\u00e4dt die J\u00e4gerschaft <strong>ab 09:00 Uhr<\/strong> zu unserem j\u00e4hrlichen \u00dcbungsschie\u00dfen nach <strong>Hadmersleben<\/strong>\u00a0ein.<\/p>\n<p>Anmeldungen bitte bis zum 31.03.26 unter js.hbs@web.de oder bei Janine Sawilla. F\u00fcr eine Verpflegung im Anschluss ist gesorgt.[\/vc_column_text][vc_column_text css=&#8220;&#8220;]<span class=\"dropcap\">02.12.2025<\/span><\/p>\n<h5><strong>Weihnachtskonzert der Jagdhornbl\u00e4ser an den Langensteiner H\u00f6hlenwohnungen\u00a0<\/strong><\/h5>\n<p><strong>Status der Veranstaltung: <span style=\"color: #99cc00\"><span style=\"color: #0000ff\">abgeschlossen<\/span><\/span><\/strong><\/p>\n<p>Am <strong>Dienstag<\/strong> <strong>den 02.12.25 <\/strong>geben die Jagdhornbl\u00e4ser <strong>ab 18:00 Uhr<\/strong> ihr allj\u00e4hrliches Weihnachtskonzert an den H\u00f6hlenwohnungen in Langenstein.[\/vc_column_text][vc_column_text css=&#8220;&#8220;]<span class=\"dropcap\">16.11.2025<\/span><\/p>\n<h5><strong>Dingelstedter Hubertusmesse<\/strong><\/h5>\n<p><strong>Status der Veranstaltung: <span style=\"color: #99cc00\"><span style=\"color: #0000ff\">abgeschlossen<\/span><\/span><\/strong><\/p>\n<p>Am <strong>Sonntag um 14 Uh<\/strong>r in der <strong>St. Stephani Kirche in Dingelstedt<\/strong>.<\/p>\n<p>Die heilige Hubertusmesse findet unter der Leitung von Pfarrer Steffen Weusten statt. Die musikalische Umrahmung erfolgt durch die Jagdhornbl\u00e4ser Dessau, die Jagdhornbl\u00e4ser\u00a0Eilenstedt sowie der Kirchenorgel.<\/p>\n<p>Im Anschluss gibt es ein gemeinsames Kaffeetrinken im evangelischen Gemeinderaum.[\/vc_column_text][vc_column_text css=&#8220;&#8220;]<span class=\"dropcap\">01.11.2025\u00a0<\/span><\/p>\n<h5><strong>3. Danstedter Hubertusmesse<\/strong><\/h5>\n<p><strong>Status der Veranstaltung: <span style=\"color: #99cc00\"><span style=\"color: #0000ff\">abgeschlossen<\/span><\/span><\/strong><\/p>\n<p>Es l\u00e4dt ein: die Evangelische Kirchengemeinde Danstedt und die J\u00e4gerschaft Danstedt.<\/p>\n<p>Am <strong>Samstag um 15 Uh<\/strong>r in der <strong>St. Udalrici Kirche in Danstedt<\/strong>.<\/p>\n<p>Die heilige Hubertusmesse findet unter der Leitung von Pfarrer Dr. Torsten G\u00f6hler und mit Begleitung des Organisten Marvin Walther sowie der Jagdhornbl\u00e4sergruppe Eilenstedt statt.<\/p>\n<ul>\n<li>festlich jagdlicht geschm\u00fcckte Kirche<\/li>\n<li>Wildk\u00f6stlichkeiten der Fleischerei Hesse<\/li>\n<li>Gl\u00fchwein<\/li>\n<li>Merchendising<\/li>\n<li>&#8222;Wildes&#8220; Kinderschminken<\/li>\n<li>Wildtierwagen<\/li>\n<\/ul>\n<p>[\/vc_column_text][vc_column_text css=&#8220;&#8220;]<span class=\"dropcap\">25.10.2025<\/span><\/p>\n<h5><strong>Hubertusmesse Veltheim<\/strong><\/h5>\n<p><strong>Status der Veranstaltung: <span style=\"color: #99cc00\"><span style=\"color: #0000ff\">abgeschlossen<\/span><\/span><\/strong><\/p>\n<p>Es l\u00e4dt ein: das\u00a0Evangelische Kirchspiel Veltheim und die Hegegemeinschaft Fallstein.<\/p>\n<p>Der festliche Gottesdienst findet in der jagdlich geschm\u00fcckten Kirche und unter Begleitung des Jagdhornbl\u00e4sergruppe Fallstein-Osterwieck statt. Im Anschluss gibt es verschiedene kulinarische Angebote und geselliges Beisammensein.<\/p>\n<p>Am <strong>Samstag um 17 Uh<\/strong>r in der <strong>St. Johannes Kirche in Veltheim am Fallstein<\/strong>.[\/vc_column_text][vc_column_text css=&#8220;&#8220;]<span class=\"dropcap\">27.09.2025<\/span><\/p>\n<h5><strong>Schie\u00dfstand Beckendorf\/Neindorf<\/strong><\/h5>\n<p><strong>Status der Veranstaltung: <span style=\"color: #99cc00\"><span style=\"color: #0000ff\">abgeschlossen<\/span><\/span><\/strong><\/p>\n<p>Beginn: 09:00 Uhr<\/p>\n<p>In Vorbereitung auf die Dr\u00fcckjagd-Saison treffen sich die Mitglieder unserer J\u00e4gerschaft um den Schuss auf bewegte Ziele zu trainieren.<br \/>\nZur Verf\u00fcgung steht der <strong>laufende Keiler<\/strong> sowie die 100m Bahn.<\/p>\n<p>Es k\u00f6nnen Waffen eingeschossen und Schie\u00dfnachweise erbracht werden.<\/p>\n<p>Die <strong>Teilnahme ist bis zum 23.09.<\/strong> bei der Obfrau Janine Sawilla <strong>anzumelden<\/strong>.[\/vc_column_text][vc_column_text]<span class=\"dropcap\">24.05.2025\u00a0<\/span><\/p>\n<h5><strong>Erste-Hilfe-Seminar: Jagdhund<\/strong><\/h5>\n<p><strong>Status der Veranstaltung:\u00a0 <span style=\"color: #99cc00\"><span style=\"color: #0000ff\">abgeschlossen<\/span><\/span><\/strong><\/p>\n<p>Am <strong>Samstag den 24.05. ab 09:00 Uhr\u00a0<\/strong>richten die J\u00e4gerschaften Halberstadt und Quedlinburg ein Erste-Hilfe-Seminar aus.<\/p>\n<p>Es geht um die Erstversorgung kleiner bis gro\u00dfer Verletzungen unserer Jagdhunden, die bei der Jagdaus\u00fcbung, insbesondere bei Dr\u00fcckjagden passieren k\u00f6nnen.<\/p>\n<p>Der Kurs wird von <strong>Tierarzt und J\u00e4ger Dr. Thomas Fritzsche<\/strong>\u00a0gehalten.<\/p>\n<p><span style=\"color: #008000\"><strong>ANMELDUNG<\/strong><\/span>\u00a0unter <span style=\"color: #008000\"><strong>Detlef.valtink@t-online.de<\/strong><\/span><\/p>\n<p>Bitte nutzen Sie die <strong>Parkpl\u00e4tze im Gewerbegebiet Blankenburg M\u00f6nchebreite<\/strong> und gehen ca. 200 m zur M\u00f6nchem\u00fchle zu Fu\u00df.<\/p>\n<p>F\u00fcr Speisen und Getr\u00e4nke ist gesorgt.[\/vc_column_text][vc_column_text]<span class=\"dropcap\">03.05.2025\u00a0<\/span><\/p>\n<h5><strong>Harzer Jagdpokal 2025 J\u00e4gerschaften HBS, QLB &amp; WR<\/strong><\/h5>\n<p><strong>Status der Veranstaltung: <span style=\"color: #0000ff\">abgeschlossen<\/span><\/strong><\/p>\n<p>Am <strong>Samstag den 03.05. ab 08:00 Uhr<\/strong> richtet die JS Quedlinburg den j\u00e4hrlichen Harzer Jagdpokal aus.<\/p>\n<p>Disziplinen:<\/p>\n<ul>\n<li>jagdlich Skeet (15 Wurfscheiben)<\/li>\n<li>jagdlich Trap (15 Wurfscheiben)<\/li>\n<li>stehend angestrichen KK 50m (5 Schuss)<\/li>\n<li>stehend freih\u00e4ndig KK 50m (5 Schuss)<\/li>\n<\/ul>\n<p>Anmeldung bis <strong>25.04.<\/strong> unter <strong>hegering-ballenstedt@web.de<\/strong><\/p>\n<p>Infos: <span style=\"color: #008000\"><a style=\"color: #008000\" href=\"https:\/\/ljv-sachsen-anhalt.de\/jaegerschaft-halberstadt\/kreismeisterschaften-im-jagdlichen-schiessen\/\" target=\"_blank\" rel=\"noopener\">HIER<\/a><\/span>[\/vc_column_text][vc_column_text]<span class=\"dropcap\">19.04.2025\u00a0<\/span><\/p>\n<h5><strong>Jahreshauptversammlung 2025<\/strong><\/h5>\n<p><strong>Status der Veranstaltung: <span style=\"color: #0000ff\">abgeschlossen<\/span><\/strong><\/p>\n<p>Am <strong>Samstag den 19.04. ab 09:00 Uhr<\/strong> findet unsere j\u00e4hrliche Hauptversammlung samt Hegeschau im <strong>Athenstedter Hof<\/strong> statt.[\/vc_column_text][vc_column_text]<span class=\"dropcap\">12.04.2025\u00a0<\/span><\/p>\n<h5><strong>Harzer B\u00fcchsenpokal 2025 J\u00e4gerschaften HBS, QLB &amp; WR<\/strong><\/h5>\n<p><strong>Status der Veranstaltung: <span style=\"color: #0000ff\">abgeschlossen<\/span><\/strong><\/p>\n<p>Am <strong>Samstag den 12.04. ab 08:00 Uhr\u00a0<\/strong>richtet die JS Wernigerode\u00a0den j\u00e4hrlichen Harzer B\u00fcchsenpokal aus.<\/p>\n<p>Disziplinen:<\/p>\n<ul>\n<li>angestrichener Bock 100m (5 Schuss)<\/li>\n<li>freih\u00e4ndiger \u00dcberl\u00e4ufer 100m (5 Schuss)<\/li>\n<li>liegender Fuchs 100m (5 Schuss)<\/li>\n<li>laufender Keiler 50m (5 Schuss)<\/li>\n<li>Kurzwaffe 25m (5 Schuss)<\/li>\n<\/ul>\n<p>Anmeldung bis <strong>14.03.<\/strong>\u00a0unter <strong>info@jaegerschaft-wr.de<\/strong><\/p>\n<p>Infos: <span style=\"color: #008000\"><a style=\"color: #008000\" href=\"https:\/\/ljv-sachsen-anhalt.de\/jaegerschaft-halberstadt\/kreismeisterschaften-im-jagdlichen-schiessen\/\" target=\"_blank\" rel=\"noopener\">HIER<\/a><\/span>[\/vc_column_text][vc_column_text]<span class=\"dropcap\">22.03.2025\u00a0<\/span><\/p>\n<h5><strong>Erste-Hilfe-Seminar f\u00fcr J\u00e4ger<\/strong><\/h5>\n<p><strong>Status der Veranstaltung: <span style=\"color: #0000ff\">abgeschlossen<\/span><\/strong><\/p>\n<p>Am <strong>Samstag den 22.03. ab 09:00 Uhr\u00a0<\/strong>richten die J\u00e4gerschaften Halberstadt und Quedlinburg ein Erste-Hilfe-Seminar aus.<\/p>\n<p>Es geht um die Erstversorgung kleiner bis gro\u00dfer Verletzungen, die bei der Jagdaus\u00fcbung passieren k\u00f6nnen.<\/p>\n<p>Der Kurs wird von <strong>Notfallsanit\u00e4ter und J\u00e4ger Ronny Leseberg<\/strong> gehalten.<\/p>\n<p>Eine Voranmeldung ist nicht notwendig. Bitte nutzen Sie die <strong>Parkpl\u00e4tze im Gewerbegebiet Blankenburg M\u00f6nchebreite<\/strong> und gehen ca. 200 m zur M\u00f6nchem\u00fchle zu Fu\u00df.<\/p>\n<p>F\u00fcr Speisen und Getr\u00e4nke ist gesorgt.[\/vc_column_text][vc_column_text]<span class=\"dropcap\">15.03.2025\u00a0<\/span><\/p>\n<h5><strong>Jagdvergn\u00fcgen J\u00e4gerball 2025<\/strong><\/h5>\n<p><strong>Status der Veranstaltung: <span style=\"color: #0000ff\">abgeschlossen<\/span><\/strong><\/p>\n<p>Am <strong>Samstag den 15.03.<\/strong> veranstalten wir unseren festlichen J\u00e4gerball im <strong>Dorfgemeinschaftshaus Dingelstedt<\/strong>.<\/p>\n<p>Der Kartenverkauf findet vom 01.01.25 bis 12.02.25 statt.<\/p>\n<p>N\u00e4here Informationen finden Sie <span style=\"color: #008000\"><a style=\"color: #008000\" href=\"https:\/\/ljv-sachsen-anhalt.de\/jaegerschaft-halberstadt\/wp-content\/uploads\/sites\/5\/2025\/01\/Einladung-Jaegerball.pdf\" target=\"_blank\" rel=\"noopener\">HIER<\/a><\/span>.[\/vc_column_text][vc_column_text]<span class=\"dropcap\">02.11.2024\u00a0<\/span><\/p>\n<h5><strong>2. Danstedter Hubertusmesse<\/strong><\/h5>\n<p><strong>Status der Veranstaltung: <span style=\"color: #0000ff\">abgeschlossen<\/span><\/strong><\/p>\n<p>Es l\u00e4dt ein: die Evangelische Kirchengemeinde Danstedt und die J\u00e4gerschaft Danstedt.<\/p>\n<p>Am <strong>Samstag um 15 Uh<\/strong>r in der <strong>St. Udalrici Kirche in Danstedt<\/strong>.<\/p>\n<p>Die heilige Hubertusmesse findet unter der Leitung von Pfarrer Dr. Torsten G\u00f6hler und mit Begleitung des Organisten Marvin Walther statt.<\/p>\n<ul>\n<li>Eilenstedter Jagdhornbl\u00e4ser<\/li>\n<li>festlich jagdlicht geschm\u00fcckte Kirche<\/li>\n<li>Wildk\u00f6stlichkeiten der Fleischerei Hesse<\/li>\n<li>Gl\u00fchwein<\/li>\n<li>Merchendising<\/li>\n<li>&#8222;Wildes&#8220; Kinderschminken<\/li>\n<li>Wildtierwagen<\/li>\n<\/ul>\n<p>[\/vc_column_text][vc_column_text]<span class=\"dropcap\">19.10.2024\u00a0<\/span><\/p>\n<h5><strong>Hubertusmesse Veltheim<\/strong><\/h5>\n<p><strong>Status der Veranstaltung: <span style=\"color: #0000ff\">abgeschlossen<\/span><\/strong><\/p>\n<p>Es l\u00e4dt ein: das\u00a0Evangelische Kirchspiel Veltheim und die Hegegemeinschaft Fallstein.<\/p>\n<p>Der festliche Gottesdienst findet in der jagdlich geschm\u00fcckten Kirche statt. Im Anschluss gibt es verschiedene kulinarische Angebote und geselliges Beisammensein.<\/p>\n<p>Am <strong>Samstag um 17 Uh<\/strong>r in der <strong>St. Johannes Kirche in Veltheim am Fallstein<\/strong>.[\/vc_column_text][vc_column_text]<span class=\"dropcap\">15.10.2024\u00a0<\/span><\/p>\n<h5><strong>Letzter Tag Antrag auf ASP-Pr\u00e4ventionspr\u00e4mie<\/strong><\/h5>\n<p><strong>Status der Veranstaltung: <span style=\"color: #0000ff\">abgeschlossen<\/span><\/strong><\/p>\n<p>Bis heute muss die ASP-Pr\u00e4ventionspr\u00e4mie f\u00fcr den Erlegungszeitraum <strong><em>01.04.24 \u2013 30.09.24 <\/em><\/strong>beantragt werden.<\/p>\n<p>Unseren Blogpost mit n\u00e4heren Informationen gibt es <a href=\"https:\/\/ljv-sachsen-anhalt.de\/jaegerschaft-halberstadt\/asp-erlegungspraemie-verlaengert-2\/\" target=\"_blank\" rel=\"noopener\">\u21d2 HIER<\/a><\/p>\n<p>Das Antragsformular gibt es <a href=\"https:\/\/lvwa.sachsen-anhalt.de\/fileadmin\/Bibliothek\/Politik_und_Verwaltung\/LVWA\/LVwA\/Dokumente\/4_landwirtschaftumwelt\/409\/409h\/Antrag_Erlegungspr%C3%A4mie2024.pdf\" target=\"_blank\" rel=\"noopener\">\u21d2 HIER<\/a>[\/vc_column_text][vc_column_text]<span class=\"dropcap\">14. &#8211; 16.06.2024\u00a0<\/span><\/p>\n<h5><strong><a href=\"https:\/\/www.harz-fest.de\" target=\"_blank\" rel=\"noopener\">HARZfest Osterwieck<\/a><\/strong><\/h5>\n<p><strong>Status der Veranstaltung: <span style=\"color: #0000ff\">abgeschlossen<\/span><\/strong><\/p>\n<p>Doppelten Grund zum Feiern hat dieses Jahr die Stadt Osterwieck. Die Ilsestadt feiert ihren 1050. Geburtstag und richtet zudem das vierte HARZfest aus.<\/p>\n<p><strong>Die J\u00e4gerschaft Halberstadt freut sich zusammen mit den J\u00e4gerschaften Wernigerode und Quedlinburg unser Weidwerk vorzustellen und Einblicke in die vielf\u00e4ltigen Aspekte von Jagd und Naturschutz zu geben.<\/strong><\/p>\n<p>Bilder vom HARZfest gibt es <a href=\"https:\/\/ljv-sachsen-anhalt.de\/jaegerschaft-halberstadt\/galerien\/\" target=\"_blank\" rel=\"noopener\">\u21d2 HIER<\/a>[\/vc_column_text][vc_column_text]<span class=\"dropcap\">11.05.2024\u00a0<\/span><\/p>\n<h5><a href=\"https:\/\/ljv-sachsen-anhalt.de\/jaegerschaft-halberstadt\/baumpflanzaktion-11-05-24\/\" target=\"_blank\" rel=\"noopener\">Baumpflanzaktion im HARZ<\/a><\/h5>\n<p><strong>Status der Veranstaltung:\u00a0 <span style=\"color: #0000ff\">abgeschlossen<\/span><\/strong><\/p>\n<p><strong>Wann:<\/strong> Samstag den 11.05.2024 ab <strong>09:00 Uhr<\/strong><\/p>\n<p><strong>Wo:<\/strong> Treffen auf dem Betriebsparkplatz &#8222;Werbat&#8220; Wernigerode zur gemeinsamen Weiterfahrt<\/p>\n<p><strong>Anmeldung:<\/strong> bis zum<strong> 08.Mai <\/strong>\u00fcber die HG-Leiter oder unter<a href=\"https:\/\/ljv-sachsen-anhalt.de\/jaegerschaft-halberstadt\/kontakt\/\" target=\"_blank\" rel=\"noopener\"><strong> js.hbs@web.de<\/strong><\/a><\/p>\n<hr \/>\n<p>[\/vc_column_text][vc_column_text]<span class=\"dropcap\">17.03.2024\u00a0<\/span><\/p>\n<h5><strong>Einweihung &#8222;kleines Jagdmuseeum&#8220; Schlanstedt<\/strong><\/h5>\n<p><strong>Status der Veranstaltung: \u00a0<span style=\"color: #0000ff\">abgeschlossen \/ fortlaufend<\/span><\/strong><\/p>\n<p>Die ehemalige Sekundarschule in Schlanstedt wird seit 2003 vom \u00f6rtlichen Heimatverein wieder belebt. Nun findet sich in der oberen Etage auch eine Ausstellung rund um das Thema <strong>Jagd und Naturschutz<\/strong>.<\/p>\n<p>Gezeigt werden Pr\u00e4parate, Handwerkszeug, Jagdkunst und -literatur mit zahlreichen Informationen zu den Wildtierarten unserer Region. Die Ausstellung ist f\u00fcr Erwachsene und auch f\u00fcr Kinder geeignet.<\/p>\n<p>Ein besonderer Dank richtet sich an Frank Kettner und Achim Schattenberg f\u00fcr die Planung und Ausstattung.<\/p>\n<p><strong>Die Einweihung erfolgt am 17.03.2024 ab 10 Uhr<\/strong><\/p>\n<hr \/>\n<p>[\/vc_column_text][vc_column_text]<span class=\"dropcap\">24.02.2024\u00a0<\/span><\/p>\n<h5><a href=\"https:\/\/ljv-sachsen-anhalt.de\/jaegerschaft-halberstadt\/baumpflanzaktion-in-halberstadt\/\">Baumpflanzaktion in Halberstadt<\/a><\/h5>\n<p><strong>Status der Veranstaltung:\u00a0 <span style=\"color: #0000ff\">abgeschlossen<\/span><\/strong><\/p>\n<p>Der Landesjagdverband Sachsen-Anhalt und die J\u00e4gerschaft Halberstadt wollen\u00a0<strong>in den Spiegelsbergen in Halberstadt 1.000 junge B\u00e4ume pflanzen<\/strong>. Hierbei\u00a0freuen wir uns \u00fcber tatkr\u00e4ftig Unterst\u00fctzung von Freiwilligen. Ob Naturliebhaberin, Wanderer oder ganze Familien, kommen Sie gern vorbei und helfen Sie unserem Wald.<\/p>\n<p>Wir empfehlen\u00a0festes Schuhwerk,\u00a0wetterfeste Kleidung, evtl. Handschuhe. Bitte nach M\u00f6glichkeit Spaten oder Pflanzspaten mitbringen.<\/p>\n<p><strong>Wann:<\/strong> Samstag den <strong>24.02.2024<\/strong> ab 09:00 Uhr<\/p>\n<p><strong>Wo:<\/strong> Treffen am Tiergarten in Halberstadt<\/p>\n<p><strong>Anmeldung:<\/strong> bei den HG-Leitern oder unter js.hbs@web.de<\/p>\n<hr \/>\n<p>[\/vc_column_text][\/vc_column][vc_column width=&#8220;1\/2&#8243;][vc_column_text]<div id='js-woffice-calendar-events' data-woffice-event-calendar='{&quot;id&quot;:&quot;1&quot;,&quot;visibility&quot;:&quot;general&quot;,&quot;is_widget&quot;:false}'><\/div>[\/vc_column_text][\/vc_column][\/vc_row]<\/p>\n<\/div>","protected":false},"excerpt":{"rendered":"<p>[vc_row][vc_column width=&#8220;1\/2&#8243;][vc_column_text] Anstehend:\u00a0 [\/vc_column_text][vc_column_text css=&#8220;&#8220;] Termine Schie\u00dfstand JS Wernigerode 2026 17.01. \/ 13.02. \/ 21.03. \/ 09.04. \/ 22.05. \/ 05.06. \/ 04.07. \/ 26.09. \/ 17.10. \/ 14.11. Termine Schie\u00dfstand Ballenstedt JS Quedlinburg 2026 25.03. \/ 10.04. \/ 24.04. [\/vc_column_text][vc_column_text css=&#8220;&#8220;]25.04.2026 Jahreshauptversammlung der J\u00e4gerschaft Halberstadt Status der Veranstaltung: geplant [&hellip;]<\/p>\n","protected":false},"author":1,"featured_media":0,"parent":0,"menu_order":0,"comment_status":"closed","ping_status":"closed","template":"","meta":{"footnotes":""},"class_list":["post-4","page","type-page","status-publish"],"_links":{"self":[{"href":"https:\/\/ljv-sachsen-anhalt.de\/jaegerschaft-halberstadt\/wp-json\/wp\/v2\/pages\/4","targetHints":{"allow":["GET"]}}],"collection":[{"href":"https:\/\/ljv-sachsen-anhalt.de\/jaegerschaft-halberstadt\/wp-json\/wp\/v2\/pages"}],"about":[{"href":"https:\/\/ljv-sachsen-anhalt.de\/jaegerschaft-halberstadt\/wp-json\/wp\/v2\/types\/page"}],"author":[{"embeddable":true,"href":"https:\/\/ljv-sachsen-anhalt.de\/jaegerschaft-halberstadt\/wp-json\/wp\/v2\/users\/1"}],"replies":[{"embeddable":true,"href":"https:\/\/ljv-sachsen-anhalt.de\/jaegerschaft-halberstadt\/wp-json\/wp\/v2\/comments?post=4"}],"version-history":[{"count":12,"href":"https:\/\/ljv-sachsen-anhalt.de\/jaegerschaft-halberstadt\/wp-json\/wp\/v2\/pages\/4\/revisions"}],"predecessor-version":[{"id":824,"href":"https:\/\/ljv-sachsen-anhalt.de\/jaegerschaft-halberstadt\/wp-json\/wp\/v2\/pages\/4\/revisions\/824"}],"wp:attachment":[{"href":"https:\/\/ljv-sachsen-anhalt.de\/jaegerschaft-halberstadt\/wp-json\/wp\/v2\/media?parent=4"}],"curies":[{"name":"wp","href":"https:\/\/api.w.org\/{rel}","templated":true}]}}