{"id":2512,"date":"2024-02-29T18:31:30","date_gmt":"2024-02-29T17:31:30","guid":{"rendered":"https:\/\/ljv-sachsen-anhalt.de\/jaegerschaft-quedlinburg\/?page_id=2512"},"modified":"2026-01-26T10:07:17","modified_gmt":"2026-01-26T09:07:17","slug":"harzer-jagdhundefreunde","status":"publish","type":"page","link":"https:\/\/ljv-sachsen-anhalt.de\/jaegerschaft-quedlinburg\/harzer-jagdhundefreunde\/","title":{"rendered":"Harzer Jagdhundefreunde"},"content":{"rendered":"<div class=\"wpb-content-wrapper\"><p>[vc_row][vc_column][vc_column_text]<\/p>\n<h3>Harzer Jagdhundefreunde<\/h3>\n<p>[\/vc_column_text][vc_row_inner][vc_column_inner width=&#8220;1\/2&#8243;][vc_gallery interval=&#8220;3&#8243; images=&#8220;1120,1119,1118,1117,1116,1115,1114,1113,2723,2724,2725,2726,2727,2728,2729,2730,2731,2732&#8243; img_size=&#8220;full&#8220;][vc_column_text]Die Jagdhundefreunde in Aktion.<\/p>\n<p>Fotos: J. Brascho\u00df[\/vc_column_text][vc_column_text]<\/p>\n<p>&nbsp;<\/p>\n<p>Powerpoint Pr\u00e4sentation Hundegruppe<\/p>\n<div class='w3eden'><!-- WPDM Link Template: Default Template -->\n\n<div class=\"link-template-default card mb-2\">\n    <div class=\"card-body\">\n        <div class=\"media\">\n            <div class=\"mr-3 img-48\"><img decoding=\"async\" class=\"wpdm_icon\" alt=\"Icon\" src=\"https:\/\/ljv-sachsen-anhalt.de\/jaegerschaft-quedlinburg\/wp-content\/plugins\/download-manager\/assets\/file-type-icons\/pptx.svg\" \/><\/div>\n            <div class=\"media-body\">\n                <h3 class=\"package-title\"><a href='https:\/\/ljv-sachsen-anhalt.de\/jaegerschaft-quedlinburg\/download\/powerpoint-hundegruppe\/'>Powerpoint Hundegruppe<\/a><\/h3>\n                <div class=\"text-muted text-small\"><i class=\"fas fa-copy\"><\/i> 1 Datei(en) <i class=\"fas fa-hdd ml-3\"><\/i> 7 MB<\/div>\n            <\/div>\n            <div class=\"ml-3\">\n                <a class='wpdm-download-link download-on-click btn btn-primary ' rel='nofollow' href='#' data-downloadurl=\"https:\/\/ljv-sachsen-anhalt.de\/jaegerschaft-quedlinburg\/download\/powerpoint-hundegruppe\/?wpdmdl=1946&refresh=69ef907c95a031777307772\">Download<\/a>\n            <\/div>\n        <\/div>\n    <\/div>\n<\/div>\n\n<\/div>[\/vc_column_text][vc_column_text css=&#8220;&#8220;]<strong>Die Kunst der Nachsuche<\/strong><\/p>\n<p>Die Harzer Jagdhundefreunde freuten sich 2023 \u00fcber den Vortrag des best\u00e4tigten Nachsuchenf\u00fchrer Sandy Grimm von der Schwei\u00dfhundestation Mitteldeutschland. Dieser referierte \u00fcber eines der wichtigsten Themen f\u00fcr J\u00e4ger und Hundef\u00fchrer: Die Kunst der Nachsuche. Dieser Aspekt der Jagd ist von entscheidender Bedeutung, um verletztes Wild zu finden und zu erl\u00f6sen. Kernthemen: Jagdethik, Spuren lesen, Hundeeinsatz, Praktische Beispiele, Videos, Erfahrungsaustausch.<\/p>\n<p>Die Nachsuche ist ein Thema, das oft leidenschaftlich diskutiert wird, da es die Grundwerte der Jagd ber\u00fchrt.<\/p>\n<p>Der Vortrag in Quarmbeck bot eine Gelegenheit, sich \u00fcber die Bedeutung der Nachsuche auszutauschen und das Bewusstsein f\u00fcr die Verantwortung der J\u00e4ger zu sch\u00e4rfen. M\u00f6ge diese Tradition des achtsamen Umgangs mit der Natur weiterhin gepflegt werden.<\/p>\n<p>&nbsp;<\/p>\n<p>&nbsp;<\/p>\n<p><em>Fotos: Sherin Dippe<\/em>[\/vc_column_text][vc_gallery interval=&#8220;3&#8243; images=&#8220;2593,2577,2575,2573,2572&#8243; img_size=&#8220;full&#8220;][\/vc_column_inner][vc_column_inner width=&#8220;1\/2&#8243;][vc_column_text]<\/p>\n<h4><\/h4>\n<h4>Vom Welpenspiel bis zur VGP<\/h4>\n<p>Unter diesem Motto haben sich die Harzer Jagdhundefreunde einst zusammengeschlossen. Ausschlaggebend hierf\u00fcr waren die positiven wie auch negativen Erfahrungen w\u00e4hrend der Ausbildung der eigenen Hunde. Mit der Aufnahme in die Quedlinburger J\u00e4gerschaft und deren Interesse an gut ausgebildeten Hunden war der Grundstein f\u00fcr eine gewinnbringende Zusammenarbeit gelegt. Zu unserer Gruppe gesellten sich nach und nach nicht nur Erstlingsf\u00fchrer. Auch gestandene Hundef\u00fchrer stellten nach anf\u00e4nglicher Skepsis fest, dass auch durchgepr\u00fcfte Hunde regelm\u00e4\u00dfig Erlerntes erhalten bzw. auffrischen sollten. Zurzeit sind bei den Harzer Jagdhundefreunden regelm\u00e4\u00dfig 20 Hunde verschiedener Rassen im Alter von derzeit 9 Wochen bis zu 12 Jahren. Die Mitgliederzahl wuchs auf 55 an. Erfolgreich durch die Pr\u00fcfung gingen mit uns gemeinsam bereits 120 Hunde. Davon halten 90 Hundef\u00fchrer weiterhin den Kontakt zur Gruppe und frischen hin und wieder das Erlernte auf.<\/p>\n<p>Wir begr\u00fc\u00dfen es wenn sich die Gruppe noch erweitert, um optimale Bedingungen f\u00fcr die Ausbildung des Jagdgebrauchshundes zu schaffen. F\u00fcr das Welpenspiel und die ersten \u00dcbungen, wie Gehorsam und Apport, haben wir die M\u00f6glichkeit das Gel\u00e4nde des Sch\u00fctzenvereins in Quarmbeck zu nutzen. Im Anschluss geht es f\u00fcr die Jungtiere sodann zum Vorstehen, St\u00f6bern, etc. ins Revier. Durch F\u00f6rderung der angew\u00f6lften Anlagen und mit gezielter Ausbildung nach bew\u00e4hrten Lehrmethoden soll ein f\u00fcr die Jagd brauchbarer Hund herangebildet werden, der sein K\u00f6nnen durch eine Pr\u00fcfung unter Beweis stellt und somit den Anforderungen des Gesetzgebers und der Zucht gerecht wird. Hierbei orientieren sich die Ausbildungs- und \u00dcbungsinhalte stark an den Pr\u00fcfungsvorgaben, da sich unter den Ausbildern ein Pr\u00fcfungsrichter befindet.<\/p>\n<p><img loading=\"lazy\" decoding=\"async\" class=\"alignnone size-medium wp-image-2538\" src=\"https:\/\/ljv-sachsen-anhalt.de\/jaegerschaft-quedlinburg\/wp-content\/uploads\/sites\/8\/2024\/03\/1000013520_k-1-225x300.jpg\" alt=\"\" width=\"225\" height=\"300\" srcset=\"https:\/\/ljv-sachsen-anhalt.de\/jaegerschaft-quedlinburg\/wp-content\/uploads\/sites\/8\/2024\/03\/1000013520_k-1-225x300.jpg 225w, https:\/\/ljv-sachsen-anhalt.de\/jaegerschaft-quedlinburg\/wp-content\/uploads\/sites\/8\/2024\/03\/1000013520_k-1.jpg 768w\" sizes=\"auto, (max-width: 225px) 100vw, 225px\" \/><\/p>\n<p>&nbsp;<\/p>\n<p>Auch ist es wichtig den Hund stets in anderen Revierstrukturen zu trainieren. Aus diesem Grunde appellieren wir an dieser Stelle an die umliegenden J\u00e4gerschaften und Hundef\u00fchrer ruhig einmal einen Blick \u00fcber den Tellerrand zu werfen und sich anzuschauen, wie wir bei den Harzer Jagdhundefreunden arbeiten und sich ggf. unserer Gruppe anzuschlie\u00dfen. Eine Pr\u00fcfung wird sehr selten im eigenen Revier gelaufen, auch auf Gesellschaftsjagden ist ein gut arbeitender Hund immer gern gesehen.<\/p>\n<p>Um die Kosten f\u00fcr die Ausbildung, Trainingsger\u00e4te, Schleppwild, etc. f\u00fcr alle in einem ertr\u00e4glichen Rahmen zu halten, finanzieren sich die Harzer Jagdhundefreunde zu einem Teil aus Spenden, kostenpflichtigen Vortr\u00e4gen, anderen Veranstaltungen wie Osterfeuer oder Sommerfesten, und zum anderen Teil aus einer Kostenpauschale von derzeit 30 Euro im Jahr pro Familie.<\/p>\n<p>Sollte die Theorie einmal so umfangreich sein, dass sie nicht im Feld gehalten werden kann, z. B. Einf\u00fchrung in den Arbeitsplan, Vorstellen der Arbeitsmaterialien, stehen uns die R\u00e4umlichkeiten des Sch\u00fctzenhauses zur Verf\u00fcgung. Vortr\u00e4ge, Seminare oder \u00e4hnliche Veranstaltungen k\u00f6nnen hier ebenfalls abgehalten werden. F\u00fcr die n\u00e4chste Zeit ist geplant, uns vor dem Jagdgebrauchshundverband (JGHV) zertifizieren lassen.<\/p>\n<p>Wir treffen uns <strong>jeden Sonntag, 10 Uhr am Sch\u00fctzenhaus \u201eAltst\u00e4dter Sch\u00fctzengilde\u201c, Hubertusweg 1, 06484 Quedlinburg OT Quarmbeck. <\/strong>Jeden <em>zweiten Dienstag eines Monats findet am gleichen Ort 19 Uhr unser \u201eHundestammtisch\u201c <\/em>statt. Hier werden Erfahrungen ausgetauscht und Aktionen der Gruppe besprochen und geplant. (2023)<\/p>\n<p>&nbsp;<\/p>\n<p><strong>Kontakt<\/strong><\/p>\n<p>Uwe Kruse: 0151\/55367422<\/p>\n<p>Axel Sommer: 0151\/42846490[\/vc_column_text][\/vc_column_inner][\/vc_row_inner][\/vc_column][\/vc_row]<\/p>\n<\/div>","protected":false},"excerpt":{"rendered":"<p>[vc_row][vc_column][vc_column_text] Harzer Jagdhundefreunde [\/vc_column_text][vc_row_inner][vc_column_inner width=&#8220;1\/2&#8243;][vc_gallery interval=&#8220;3&#8243; images=&#8220;1120,1119,1118,1117,1116,1115,1114,1113,2723,2724,2725,2726,2727,2728,2729,2730,2731,2732&#8243; img_size=&#8220;full&#8220;][vc_column_text]Die Jagdhundefreunde in Aktion. Fotos: J. Brascho\u00df[\/vc_column_text][vc_column_text] &nbsp; Powerpoint Pr\u00e4sentation Hundegruppe [\/vc_column_text][vc_column_text css=&#8220;&#8220;]Die Kunst der Nachsuche Die Harzer Jagdhundefreunde freuten sich 2023 \u00fcber den Vortrag des best\u00e4tigten Nachsuchenf\u00fchrer Sandy Grimm von der Schwei\u00dfhundestation Mitteldeutschland. Dieser referierte \u00fcber eines der wichtigsten Themen f\u00fcr J\u00e4ger [&hellip;]<\/p>\n","protected":false},"author":208,"featured_media":0,"parent":0,"menu_order":0,"comment_status":"closed","ping_status":"closed","template":"","meta":{"footnotes":""},"class_list":["post-2512","page","type-page","status-publish"],"_links":{"self":[{"href":"https:\/\/ljv-sachsen-anhalt.de\/jaegerschaft-quedlinburg\/wp-json\/wp\/v2\/pages\/2512","targetHints":{"allow":["GET"]}}],"collection":[{"href":"https:\/\/ljv-sachsen-anhalt.de\/jaegerschaft-quedlinburg\/wp-json\/wp\/v2\/pages"}],"about":[{"href":"https:\/\/ljv-sachsen-anhalt.de\/jaegerschaft-quedlinburg\/wp-json\/wp\/v2\/types\/page"}],"author":[{"embeddable":true,"href":"https:\/\/ljv-sachsen-anhalt.de\/jaegerschaft-quedlinburg\/wp-json\/wp\/v2\/users\/208"}],"replies":[{"embeddable":true,"href":"https:\/\/ljv-sachsen-anhalt.de\/jaegerschaft-quedlinburg\/wp-json\/wp\/v2\/comments?post=2512"}],"version-history":[{"count":10,"href":"https:\/\/ljv-sachsen-anhalt.de\/jaegerschaft-quedlinburg\/wp-json\/wp\/v2\/pages\/2512\/revisions"}],"predecessor-version":[{"id":3344,"href":"https:\/\/ljv-sachsen-anhalt.de\/jaegerschaft-quedlinburg\/wp-json\/wp\/v2\/pages\/2512\/revisions\/3344"}],"wp:attachment":[{"href":"https:\/\/ljv-sachsen-anhalt.de\/jaegerschaft-quedlinburg\/wp-json\/wp\/v2\/media?parent=2512"}],"curies":[{"name":"wp","href":"https:\/\/api.w.org\/{rel}","templated":true}]}}