{"id":480,"date":"2020-04-28T10:52:05","date_gmt":"2020-04-28T09:52:05","guid":{"rendered":"https:\/\/ljv-sachsen-anhalt.de\/jaegerschaft-quedlinburg\/?page_id=480"},"modified":"2026-01-24T10:10:41","modified_gmt":"2026-01-24T09:10:41","slug":"jagdliches-schiessen","status":"publish","type":"page","link":"https:\/\/ljv-sachsen-anhalt.de\/jaegerschaft-quedlinburg\/jagdliches-schiessen\/","title":{"rendered":"Jagdliches Schie\u00dfen"},"content":{"rendered":"<div class=\"wpb-content-wrapper\"><p>[vc_row][vc_column width=&#8220;2\/3&#8243;][vc_column_text css=&#8220;&#8220;]\u201eDie ethisch und gesetzlich verankerten Grunds\u00e4tze des Tierschutzes und der Weidgerechtigkeit fordern von jedem J\u00e4ger, das Wild so zu erlegen, dass ihm vermeidbare Schmerzen und Leiden erspart bleiben. Daneben sind bei der Jagdaus\u00fcbung die Erfordernisse der \u00f6ffentlichen Sicherheit zu beachten, damit bei der Handhabung der Waffen niemand gef\u00e4hrdet wird. Eine regelm\u00e4\u00dfige Teilnahme am jagdlichen Schie\u00dfen soll dazu f\u00fchren, dass jeder J\u00e4ger diesen Forderungen in steigendem Ma\u00dfe entsprechen kann\u201c, appelliert der Deutsche Jagdverband auf seiner Homepage. F\u00fcr die J\u00e4gerschaft Quedlinburg geh\u00f6rt es deshalb zur Pflicht, seinen Mitglieder die M\u00f6glichkeiten zu bieten, sich im jagdlichen Schie\u00dfen weiterzuentwickeln. So wurde eine in Vergessenheit geratene Tradition wiederbelebt: die Kreismeisterschaften. Zwar haben die J\u00e4gerschaften im Harz immer wieder Mannschaften zu den Meisterschaften des Landesjagdverbandes delegiert, aus deren Reihen heraus auch Achtungserfolge erzielt werden konnten. Doch f\u00fcr viele Sch\u00fctzen kommt eine Teilnahme an der Landesmeisterschaft aus Gr\u00fcnden fehlender Trainingskapazit\u00e4ten oder des enormen finanziellen Aufwandes nicht infrage. Aber die Bereitschaft, sich auf Kreisebene zu messen, ist gro\u00df. Andererseits haben auch Sch\u00fctzen bei den Kreismeisterschaften erkannt, dass ihr K\u00f6nnen doch gr\u00f6\u00dfer ist, als vermutet. 2024 hat die J\u00e4gerschaft Quedlinburg den Harzer B\u00fcchsenpokal und den Harzer Jagdpokal wieder aus der Versenkung geholt und mit Leben erf\u00fcllt. Resonanz und Wille, sich auch wieder aktiv einzubringen, sind in den J\u00e4gerschaften Wernigerode und Halberstadt gro\u00df. Mittlerweile arbeiten alle drei J\u00e4gerschaften Hand in Hand, um die Kreismeisterschaften zu einem festen Bestandteil in der Vereinsarbeit werden zu lassen. Die J\u00e4gerschaft Quedlinburg beteiligt sich zudem auch an Wettk\u00e4mpfen von regionalen Sch\u00fctzenvereinen, so unter anderem am Ballenstedter Nachtpokal. (2026, Fotos: Janine Sawilla, Privat)<\/p>\n<p>Weitere Fotos vom Harzer B\u00fcchsenpokal 2025 und dem Harzer Jagdpokal 2025 sind unter folgenden Links einsehbar:<\/p>\n<p><a href=\"https:\/\/photos.app.goo.gl\/tePPyByP589xL3eT6\" target=\"_blank\" rel=\"noopener\">https:\/\/photos.app.goo.gl\/tePPyByP589xL3eT6<\/a><\/p>\n<p><a href=\"https:\/\/photos.app.goo.gl\/R7rkwoZJbe6Wxn8f7\" target=\"_blank\" rel=\"noopener\">https:\/\/photos.app.goo.gl\/R7rkwoZJbe6Wxn8f7<\/a><\/p>\n<p><strong>Wir danken Janine Sawilla von der J\u00e4gerschaft Halberstadt f\u00fcr ihre fotografischen H\u00f6chstleistungen.<\/strong>[\/vc_column_text][\/vc_column][vc_column width=&#8220;1\/3&#8243;][vc_gallery interval=&#8220;3&#8243; images=&#8220;3298,3296,3297,3294,3295,3292,3293,3291,3290,3282,3281,3283,3284,3286,3285,3288,3287,3289,3280,3279,3277,3278,3276,3275,3274,3272,3273,3260,3261,3262,3263,3264,3265,3266,3267,3271,3259,3258,3216,3215,3214,3213,3212,3210,3211,3209,3208,3206,3207,3201,3193,3192,3191&#8243; img_size=&#8220;full&#8220; css=&#8220;&#8220;][\/vc_column][\/vc_row][vc_row][vc_column][vc_separator css=&#8220;&#8220;][\/vc_column][\/vc_row][vc_row][vc_column width=&#8220;1\/2&#8243;][vc_row_inner][vc_column_inner][vc_column_text]<\/p>\n<h3>Sch\u00fctzenverein Wegeleben von 1697<\/h3>\n<p>Der Schiessstand besteht aus einer offenen und einer geschlossenen Anlage. Es gibt f\u00fcnf Bahnen auf 25 Meter f\u00fcr Kurzwaffen, sechs\u00a0 Bahnen auf\u00a0 50 Meter f\u00fcr Kleinkaliberwaffen und drei Bahnen auf 100 Meter f\u00fcr Gro\u00dfkaliberwaffen. Der Schiessstand ist so aufgebaut, dass gleichzeitig auf allen Bahnen geschossen werden kann und es gibt eine Zeilzuganlage f\u00fcr die Trefferauswertung. Nach vorheriger Anmeldung ist die Nutzung des Standes auch au\u00dferhalb der offiziellen Trainingszeiten nutzbar. Von April bis Oktober ist sonnabends von 14 bis 18 Uhr und sonntags von 9 bis 12 Uhr sowie von November\u00a0 bis M\u00e4rz sonnabends von 14 bis 17 Uhr und sonntags von 9 bis 12 Uhr ge\u00f6ffnet.<\/p>\n<p>[\/vc_column_text][\/vc_column_inner][\/vc_row_inner][vc_row_inner][vc_column_inner][vc_column_text]<strong>Kontaktinormationen:<\/strong><\/p>\n<p>Quedlinburger Stra\u00dfe 48 in <span data-ce-class=\"Addresses\">38828 Wegeleben<\/span>, Telefon: <span data-ce-class=\"Phones\">039423\/6781<\/span>, E-Mail: <span data-ce-class=\"Emails\">strueweg@t-online.de<\/span>, Homepage: www.schuetzenverein-wegeleben.de[\/vc_column_text][\/vc_column_inner][\/vc_row_inner][\/vc_column][vc_column width=&#8220;1\/2&#8243;][vc_row_inner][vc_column_inner][vc_gmaps link=&#8220;#E-8_JTNDaWZyYW1lJTIwc3JjJTNEJTIyaHR0cHMlM0ElMkYlMkZ3d3cuZ29vZ2xlLmNvbSUyRm1hcHMlMkZlbWJlZCUzRnBiJTNEJTIxMW0xOCUyMTFtMTIlMjExbTMlMjExZDI0NjMuMTA2NjU4NTgyNTExNSUyMTJkMTEuMTY1Nzg5NzE2MDk0Mjg2JTIxM2Q1MS44NzcyNjU1OTE0MTI5MyUyMTJtMyUyMTFmMCUyMTJmMCUyMTNmMCUyMTNtMiUyMTFpMTAyNCUyMTJpNzY4JTIxNGYxMy4xJTIxM20zJTIxMW0yJTIxMXMweDQ3YTU5OWNiZWIzZTJhMTclMjUzQTB4NWU5ODMyMzJkZjI5ODBlZSUyMTJzUXVlZGxpbmJ1cmdlciUyNTIwU3RyLiUyNTIwNDglMjUyQyUyNTIwMzg4MjglMjUyMFdlZ2VsZWJlbiUyMTVlMCUyMTNtMiUyMTFzZGUlMjEyc2RlJTIxNHYxNjAwNjcxOTM5MzU4JTIxNW0yJTIxMXNkZSUyMTJzZGUlMjIlMjB3aWR0aCUzRCUyMjYwMCUyMiUyMGhlaWdodCUzRCUyMjQ1MCUyMiUyMGZyYW1lYm9yZGVyJTNEJTIyMCUyMiUyMHN0eWxlJTNEJTIyYm9yZGVyJTNBMCUzQiUyMiUyMGFsbG93ZnVsbHNjcmVlbiUzRCUyMiUyMiUyMGFyaWEtaGlkZGVuJTNEJTIyZmFsc2UlMjIlMjB0YWJpbmRleCUzRCUyMjAlMjIlM0UlM0MlMkZpZnJhbWUlM0U=&#8220;][\/vc_column_inner][\/vc_row_inner][\/vc_column][\/vc_row][vc_row][vc_column][vc_separator][\/vc_column][\/vc_row][vc_row][vc_column width=&#8220;1\/2&#8243;][vc_row_inner][vc_column_inner][vc_column_text]<\/p>\n<h3>Schie\u00dfsportzentrum Ballenstedt<\/h3>\n<p>Das Zentrum verf\u00fcgt \u00fcber eine Trap- und Skeet-Anlage sowie einen Kleinkaliberstand f\u00fcr Pistole und Gewehr. Ge\u00f6ffnet ist am Mittwoch und am Sonnabend jeweils von 10 bis 18 Uhr.[\/vc_column_text][\/vc_column_inner][\/vc_row_inner][vc_row_inner][vc_column_inner][vc_column_text]<strong>Kontaktinormationen:<\/strong><\/p>\n<p>An den Gegensteinen in <span data-ce-class=\"Addresses\">06493 Ballenstedt<\/span>,\u00a0 Telefon <span data-ce-class=\"Phones\">039483\/8960<\/span>, E-Mail: <span data-ce-class=\"Emails\">sszballenstedt@t-online.de<\/span>, Homepage: www.schiess-sport-ballenstedt.de[\/vc_column_text][\/vc_column_inner][\/vc_row_inner][\/vc_column][vc_column width=&#8220;1\/2&#8243;][vc_gmaps link=&#8220;#E-8_JTNDaWZyYW1lJTIwc3JjJTNEJTIyaHR0cHMlM0ElMkYlMkZ3d3cuZ29vZ2xlLmNvbSUyRm1hcHMlMkZlbWJlZCUzRnBiJTNEJTIxMW0xOCUyMTFtMTIlMjExbTMlMjExZDI0NzAuODAwODg5MDA5NjA3JTIxMmQxMS4yMTc3MDY0MTYwOTA5MTglMjEzZDUxLjczNjY3NzEwMTczMzcyJTIxMm0zJTIxMWYwJTIxMmYwJTIxM2YwJTIxM20yJTIxMWkxMDI0JTIxMmk3NjglMjE0ZjEzLjElMjEzbTMlMjExbTIlMjExczB4NDdhNWJiOGIxN2Q0ZmQwZCUyNTNBMHg5Mjk2YmFjYWI1ODYzY2MwJTIxMnNBbiUyNTIwZGVuJTI1MjBHZWdlbnN0ZWluZW4lMjUyQyUyNTIwMDY0OTMlMjUyMEJhbGxlbnN0ZWR0JTIxNWUwJTIxM20yJTIxMXNkZSUyMTJzZGUlMjE0djE2MDA2NzIwMzE0MDQlMjE1bTIlMjExc2RlJTIxMnNkZSUyMiUyMHdpZHRoJTNEJTIyNjAwJTIyJTIwaGVpZ2h0JTNEJTIyNDUwJTIyJTIwZnJhbWVib3JkZXIlM0QlMjIwJTIyJTIwc3R5bGUlM0QlMjJib3JkZXIlM0EwJTNCJTIyJTIwYWxsb3dmdWxsc2NyZWVuJTNEJTIyJTIyJTIwYXJpYS1oaWRkZW4lM0QlMjJmYWxzZSUyMiUyMHRhYmluZGV4JTNEJTIyMCUyMiUzRSUzQyUyRmlmcmFtZSUzRQ==&#8220;][\/vc_column][\/vc_row][vc_row][vc_column][vc_separator][\/vc_column][\/vc_row][vc_row][vc_column width=&#8220;1\/2&#8243;][vc_column_text]<\/p>\n<h3>Sch\u00fctzengesellschaft 1702 Hoym<\/h3>\n<p>Es gibt zwei Schie\u00dfst\u00e4nde auf 100 Meter f\u00fcr Langwaffen, drei Schie\u00dfst\u00e4nde auf 50 Meter f\u00fcr Kleinkaliber-Langwaffen und einen Schie\u00dfstand auf 25 Meter f\u00fcr Kurzwaffen. Ge\u00f6ffnet ist mittwochs von 16 bis 20 Uhr und sonnabends von 9 bis 12 Uhr.[\/vc_column_text][vc_column_text]<strong>Kontaktinormationen:<\/strong><\/p>\n<p>Sch\u00fctzenhaus an der Heerstra\u00dfe. Telefonische Anmeldungen \u00fcber Mathias Hampe <span data-ce-class=\"Phones\">0172\/5440722<\/span> oder Steffi Hampe <span data-ce-class=\"Phones\">0172\/5424475<\/span>.[\/vc_column_text][\/vc_column][vc_column width=&#8220;1\/2&#8243;][vc_gmaps link=&#8220;#E-8_JTNDaWZyYW1lJTIwc3JjJTNEJTIyaHR0cHMlM0ElMkYlMkZ3d3cuZ29vZ2xlLmNvbSUyRm1hcHMlMkZlbWJlZCUzRnBiJTNEJTIxMW0xOCUyMTFtMTIlMjExbTMlMjExZDk4NzIuMjMyNzI5MTYzODEyJTIxMmQxMS4zMTI0NDkyNjc5NzEzMjYlMjEzZDUxLjc4NjgyMjgwNjQ0NTcwNiUyMTJtMyUyMTFmMCUyMTJmMCUyMTNmMCUyMTNtMiUyMTFpMTAyNCUyMTJpNzY4JTIxNGYxMy4xJTIxM20zJTIxMW0yJTIxMXMweDQ3YTViZTcxNTI1ZTQwOGIlMjUzQTB4ODVmOTExNTg1YTFmNzA1OCUyMTJzSGVlcnN0cmElMjVDMyUyNTlGZSUyNTJDJTI1MjBTZWVsYW5kJTIxNWUwJTIxM20yJTIxMXNkZSUyMTJzZGUlMjE0djE2MDA2NzI2MjQ1NDQlMjE1bTIlMjExc2RlJTIxMnNkZSUyMiUyMHdpZHRoJTNEJTIyNjAwJTIyJTIwaGVpZ2h0JTNEJTIyNDUwJTIyJTIwZnJhbWVib3JkZXIlM0QlMjIwJTIyJTIwc3R5bGUlM0QlMjJib3JkZXIlM0EwJTNCJTIyJTIwYWxsb3dmdWxsc2NyZWVuJTNEJTIyJTIyJTIwYXJpYS1oaWRkZW4lM0QlMjJmYWxzZSUyMiUyMHRhYmluZGV4JTNEJTIyMCUyMiUzRSUzQyUyRmlmcmFtZSUzRQ==&#8220;][\/vc_column][\/vc_row][vc_row][vc_column][vc_separator][\/vc_column][\/vc_row][vc_row][vc_column width=&#8220;1\/2&#8243;][vc_column_text]<\/p>\n<h3>Sch\u00fctzenverein Dankerode<\/h3>\n<p>Es gibt zwei Bahnen auf eine Distanz von 50 Meter, auf denen mit allen Kalibern geschossen werden kann. Termine gibt es nach Absprache.[\/vc_column_text][vc_column_text]<strong>Kontaktinormationen:<\/strong><\/p>\n<p>Sven Ullrich, Telefon: 039484\/2247[\/vc_column_text][\/vc_column][vc_column width=&#8220;1\/2&#8243;][vc_gmaps link=&#8220;#E-8_JTNDaWZyYW1lJTIwc3JjJTNEJTIyaHR0cHMlM0ElMkYlMkZ3d3cuZ29vZ2xlLmNvbSUyRm1hcHMlMkZlbWJlZCUzRnBiJTNEJTIxMW0xOCUyMTFtMTIlMjExbTMlMjExZDQ5NTcuNTA0NjczNDMyMjg1JTIxMmQxMS4xMzI0OTk5ODIwNzQ3MTglMjEzZDUxLjU5MTEwMjI5NDkzNTUxJTIxMm0zJTIxMWYwJTIxMmYwJTIxM2YwJTIxM20yJTIxMWkxMDI0JTIxMmk3NjglMjE0ZjEzLjElMjEzbTMlMjExbTIlMjExczB4NDdhNWIxNzY5YThiMjVlMSUyNTNBMHhhMjM2NjVjODgyNThhMDAlMjEyc0Rhbmtlcm9kZSUyMTVlMCUyMTNtMiUyMTFzZGUlMjEyc2RlJTIxNHYxNjAwNjcyNTA5MTI1JTIxNW0yJTIxMXNkZSUyMTJzZGUlMjIlMjB3aWR0aCUzRCUyMjYwMCUyMiUyMGhlaWdodCUzRCUyMjQ1MCUyMiUyMGZyYW1lYm9yZGVyJTNEJTIyMCUyMiUyMHN0eWxlJTNEJTIyYm9yZGVyJTNBMCUzQiUyMiUyMGFsbG93ZnVsbHNjcmVlbiUzRCUyMiUyMiUyMGFyaWEtaGlkZGVuJTNEJTIyZmFsc2UlMjIlMjB0YWJpbmRleCUzRCUyMjAlMjIlM0UlM0MlMkZpZnJhbWUlM0U=&#8220;][\/vc_column][\/vc_row][vc_row][vc_column][vc_separator][\/vc_column][\/vc_row][vc_row][vc_column width=&#8220;1\/2&#8243;][vc_column_text]<\/p>\n<h3>Sch\u00fctzengilde zu Ro\u00dfla<\/h3>\n<p>Der Schie\u00dfstand in Ro\u00dfla am Sittendorfer Weg 1 verf\u00fcgt \u00fcber vollelektronische Schie\u00dfbahnen, auch auf den Bock, f\u00fcr Distanzen auf 100 und 50 Meter. Weiterhin kann dort die Tontaube auf f\u00fcnf St\u00e4nden, der &#8222;Laufende Hase&#8220; sowie die Kurzwaffe auf f\u00fcnf Bahnen geschossen werden. Die \u00d6ffnungszeiten werden sehr flexibel und auf Besucherwunsch fast durchg\u00e4ngig und t\u00e4glich angeboten. Die Kipphasenanlage kostet f\u00fcnf Euro je Stunde und die Wurfscheibenanlage drei Euro je Stunde und 25 Cent je Wurftaube. Die Standgeb\u00fchren f\u00fcr die Bahnen betragen: 25, 50 und 100 Meter in der ersten Stunde f\u00fcnf Euro und jede weitere angebrochene Stunde zwei Euro.[\/vc_column_text][vc_column_text]<strong>Kontaktinormationen:<\/strong><\/p>\n<p>Telefon: 0157-73522537[\/vc_column_text][\/vc_column][vc_column width=&#8220;1\/2&#8243;][vc_gmaps link=&#8220;#E-8_JTNDaWZyYW1lJTIwc3JjJTNEJTIyaHR0cHMlM0ElMkYlMkZ3d3cuZ29vZ2xlLmNvbSUyRm1hcHMlMkZlbWJlZCUzRnBiJTNEJTIxMW0xOCUyMTFtMTIlMjExbTMlMjExZDI0ODYuNzQyNjcyMzUwMDU2JTIxMmQxMS4xOTI2NDM0MTYwODM4OTMlMjEzZDUxLjQ0NDUxOTUyMzExOTQ4JTIxMm0zJTIxMWYwJTIxMmYwJTIxM2YwJTIxM20yJTIxMWkxMDI0JTIxMmk3NjglMjE0ZjEzLjElMjEzbTMlMjExbTIlMjExczB4NDdhNDRhZmY3MTkwZmI5ZiUyNTNBMHgxZmFlMDMxN2YzZjIxODdjJTIxMnNTaXR0ZW5kb3JmZXIlMjUyMFdlZyUyNTIwMSUyNTJDJTI1MjAwNjUyOCUyNTIwQnIlMjVDMyUyNUJDY2tlbi1IYWNrcGYlMjVDMyUyNUJDZmZlbCUyMTVlMCUyMTNtMiUyMTFzZGUlMjEyc2RlJTIxNHYxNjAwNjcyNDA5NDQ2JTIxNW0yJTIxMXNkZSUyMTJzZGUlMjIlMjB3aWR0aCUzRCUyMjYwMCUyMiUyMGhlaWdodCUzRCUyMjQ1MCUyMiUyMGZyYW1lYm9yZGVyJTNEJTIyMCUyMiUyMHN0eWxlJTNEJTIyYm9yZGVyJTNBMCUzQiUyMiUyMGFsbG93ZnVsbHNjcmVlbiUzRCUyMiUyMiUyMGFyaWEtaGlkZGVuJTNEJTIyZmFsc2UlMjIlMjB0YWJpbmRleCUzRCUyMjAlMjIlM0UlM0MlMkZpZnJhbWUlM0U=&#8220;][\/vc_column][\/vc_row]<\/p>\n<\/div>","protected":false},"excerpt":{"rendered":"<p>[vc_row][vc_column width=&#8220;2\/3&#8243;][vc_column_text css=&#8220;&#8220;]\u201eDie ethisch und gesetzlich verankerten Grunds\u00e4tze des Tierschutzes und der Weidgerechtigkeit fordern von jedem J\u00e4ger, das Wild so zu erlegen, dass ihm vermeidbare Schmerzen und Leiden erspart bleiben. Daneben sind bei der Jagdaus\u00fcbung die Erfordernisse der \u00f6ffentlichen Sicherheit zu beachten, damit bei der Handhabung der Waffen niemand gef\u00e4hrdet [&hellip;]<\/p>\n","protected":false},"author":28,"featured_media":0,"parent":0,"menu_order":0,"comment_status":"closed","ping_status":"closed","template":"","meta":{"footnotes":""},"class_list":["post-480","page","type-page","status-publish"],"_links":{"self":[{"href":"https:\/\/ljv-sachsen-anhalt.de\/jaegerschaft-quedlinburg\/wp-json\/wp\/v2\/pages\/480","targetHints":{"allow":["GET"]}}],"collection":[{"href":"https:\/\/ljv-sachsen-anhalt.de\/jaegerschaft-quedlinburg\/wp-json\/wp\/v2\/pages"}],"about":[{"href":"https:\/\/ljv-sachsen-anhalt.de\/jaegerschaft-quedlinburg\/wp-json\/wp\/v2\/types\/page"}],"author":[{"embeddable":true,"href":"https:\/\/ljv-sachsen-anhalt.de\/jaegerschaft-quedlinburg\/wp-json\/wp\/v2\/users\/28"}],"replies":[{"embeddable":true,"href":"https:\/\/ljv-sachsen-anhalt.de\/jaegerschaft-quedlinburg\/wp-json\/wp\/v2\/comments?post=480"}],"version-history":[{"count":12,"href":"https:\/\/ljv-sachsen-anhalt.de\/jaegerschaft-quedlinburg\/wp-json\/wp\/v2\/pages\/480\/revisions"}],"predecessor-version":[{"id":3312,"href":"https:\/\/ljv-sachsen-anhalt.de\/jaegerschaft-quedlinburg\/wp-json\/wp\/v2\/pages\/480\/revisions\/3312"}],"wp:attachment":[{"href":"https:\/\/ljv-sachsen-anhalt.de\/jaegerschaft-quedlinburg\/wp-json\/wp\/v2\/media?parent=480"}],"curies":[{"name":"wp","href":"https:\/\/api.w.org\/{rel}","templated":true}]}}