{"id":655,"date":"2020-07-30T20:42:13","date_gmt":"2020-07-30T19:42:13","guid":{"rendered":"https:\/\/ljv-sachsen-anhalt.de\/jaegerschaft-quedlinburg\/?page_id=655"},"modified":"2026-01-26T10:09:54","modified_gmt":"2026-01-26T09:09:54","slug":"jagdmoeglichkeiten","status":"publish","type":"page","link":"https:\/\/ljv-sachsen-anhalt.de\/jaegerschaft-quedlinburg\/jagdmoeglichkeiten\/","title":{"rendered":"Jagdm\u00f6glichkeiten"},"content":{"rendered":"<div class=\"wpb-content-wrapper\"><p>[vc_row][vc_column width=&#8220;2\/3&#8243;][vc_column_text css=&#8220;&#8220;]<\/p>\n<h3>Landesforstbetrieb Ostharz<\/h3>\n<p>&nbsp;<\/p>\n<p>Der Landesforstbetrieb Ostharz bewirtschaftet rund 20.000 Hektar Waldfl\u00e4che, von denen rund 19.000 Hektar bejagdbar sind. So wird einerseits privaten J\u00e4gern die M\u00f6glichkeit geboten, zur Jagd zu gehen und andererseits ist der Landesforstbetrieb verpflichtet, seinen Abschussplan zu erf\u00fcllen. Es gibt drei Kategorien der Jagderlaubnisscheine. Der <strong>st\u00e4ndige Jagderlaubnisschein<\/strong> gilt immer f\u00fcr eine Jahr und in einem zugewiesenen Jagdbezirk. Aufgrund der gro\u00dfen Nachfrage sind die M\u00f6glichkeiten einer Vergabe begrenzt und nicht jede Anfrage kann positiv beschieden werden. Egal um welche Form des Jagderlaubnisscheines es geht, wird empfohlen, sich nach Absprache mit dem Landesforstbetrieb mit dem zust\u00e4ndigen Revierf\u00f6rster in Verbindung zu setzen und das Gespr\u00e4ch zu suchen. Eine Wildbret\u00fcbernahme \u2013 immer komplett in der Decke &#8211; ist m\u00f6glich, aber keine Pflicht. Es besteht aber auch kein Anrecht, erlegtes Wild zu \u00fcbernehmen. Nichtj\u00e4ger k\u00f6nnen ebenfalls Wildbret zu den aktuellen Marktpreisen beim Landesfortbetrieb kaufen. Den<strong> Kurzjagderlaubnisschein<\/strong> gibt es f\u00fcr sieben aufeinanderfolgende Tage (eine Woche) oder f\u00fcr drei aufeinanderfolgende Tage (ein Wochenende). Eine Vergabe ist abh\u00e4ngig von der Verf\u00fcgbarkeit freier Pirschbezirke. Der\u00a0 <strong>Kurzjagderlaubnisschein mit aussetzender Jagderlaubnis<\/strong> gilt f\u00fcr 20 Ansitze im Jagdjahr, wobei jeder Ansitz in Ansprache mit dem zust\u00e4ndigen Revierleiter erfolgt. Eine Vergabe ist abh\u00e4ngig von der Verf\u00fcgbarkeit freier Pirschbezirke. Weiterhin gibt es im Landesforstbetrieb die M\u00f6glichkeit an <strong>Gesellschaftsjagden<\/strong> teilzunehmen. Hier sind die Pl\u00e4tze sehr begrenzt. Interessenten sollten sich fr\u00fchzeitig per E-Mail beim Landesforstbetrieb melden.<\/p>\n<p>&nbsp;<\/p>\n<p><strong>Freigaben<\/strong><\/p>\n<p>\u00c4nderungen und Einschr\u00e4nkungen der Freigaben bleiben dem Forstbetrieb im Zusammenhang mit der Erf\u00fcllung des Abschlussplanes vorbehalten. Die Mitnahme Dritter durch den Jagdgast bedarf der vorherigen Zustimmung des Revierleiters. Rot- und Damwild \u2013 m\u00e4nnlich: K\u00e4lber und Schmalspie\u00dfer jeweils unbeschr\u00e4nkt und unentgeltlich, Hirscher der AK 2 entgeltlich, AK 3 und 4 nur auf Freigabe durch den Forstbetriebsleiter. weiblich: K\u00e4lber, Schmal \u2013 und Alttiere jeweils unbeschr\u00e4nkt und unentgeltlich. Schwarzwild \u2013 m\u00e4nnlich: Frischlinge und \u00dcberl\u00e4ufer jeweils unbeschr\u00e4nkt und unentgeltlich. Zweij\u00e4hrige Keiler und \u00e4lter unentgeltlich. weiblich: Frischlinge, \u00dcberl\u00e4ufer und nichtf\u00fchrende Bachen unentgeltlich. Rehwild \u2013 m\u00e4nnlich: Kitze und J\u00e4hrlinge unbeschr\u00e4nkt und unentgeltlich, B\u00f6cke der AK 2 unentgeltlich und auf Freigabe durch den Revierleiter. weiblich: Kitze, Schmalrehe und Ricken jeweils unbeschr\u00e4nkt und unentgeltlich. Muffelwild: Nur auf Freigabe durch den Forstbetriebsleiter. Fuchs, Waschb\u00e4r, Marderhund, Wildg\u00e4nse, Ringeltauben, Stockenten: unbeschr\u00e4nkt und unentgeltlich. (2019)<\/p>\n<p>Kontakt:<strong> forstbetrieb.ostharz@lfb.mlu.sachsen-anhalt.de<\/strong>[\/vc_column_text][\/vc_column][vc_column width=&#8220;1\/3&#8243;][vc_single_image image=&#8220;1030&#8243; img_size=&#8220;full&#8220;][vc_column_text]J\u00e4ger auf der Pirsch.\u00a0\u00a0\u00a0 Foto: DJV[\/vc_column_text][\/vc_column][\/vc_row]<\/p>\n<\/div>","protected":false},"excerpt":{"rendered":"<p>[vc_row][vc_column width=&#8220;2\/3&#8243;][vc_column_text css=&#8220;&#8220;] Landesforstbetrieb Ostharz &nbsp; Der Landesforstbetrieb Ostharz bewirtschaftet rund 20.000 Hektar Waldfl\u00e4che, von denen rund 19.000 Hektar bejagdbar sind. So wird einerseits privaten J\u00e4gern die M\u00f6glichkeit geboten, zur Jagd zu gehen und andererseits ist der Landesforstbetrieb verpflichtet, seinen Abschussplan zu erf\u00fcllen. Es gibt drei Kategorien der Jagderlaubnisscheine. Der [&hellip;]<\/p>\n","protected":false},"author":1,"featured_media":0,"parent":0,"menu_order":0,"comment_status":"closed","ping_status":"closed","template":"","meta":{"footnotes":""},"class_list":["post-655","page","type-page","status-publish"],"_links":{"self":[{"href":"https:\/\/ljv-sachsen-anhalt.de\/jaegerschaft-quedlinburg\/wp-json\/wp\/v2\/pages\/655","targetHints":{"allow":["GET"]}}],"collection":[{"href":"https:\/\/ljv-sachsen-anhalt.de\/jaegerschaft-quedlinburg\/wp-json\/wp\/v2\/pages"}],"about":[{"href":"https:\/\/ljv-sachsen-anhalt.de\/jaegerschaft-quedlinburg\/wp-json\/wp\/v2\/types\/page"}],"author":[{"embeddable":true,"href":"https:\/\/ljv-sachsen-anhalt.de\/jaegerschaft-quedlinburg\/wp-json\/wp\/v2\/users\/1"}],"replies":[{"embeddable":true,"href":"https:\/\/ljv-sachsen-anhalt.de\/jaegerschaft-quedlinburg\/wp-json\/wp\/v2\/comments?post=655"}],"version-history":[{"count":10,"href":"https:\/\/ljv-sachsen-anhalt.de\/jaegerschaft-quedlinburg\/wp-json\/wp\/v2\/pages\/655\/revisions"}],"predecessor-version":[{"id":3347,"href":"https:\/\/ljv-sachsen-anhalt.de\/jaegerschaft-quedlinburg\/wp-json\/wp\/v2\/pages\/655\/revisions\/3347"}],"wp:attachment":[{"href":"https:\/\/ljv-sachsen-anhalt.de\/jaegerschaft-quedlinburg\/wp-json\/wp\/v2\/media?parent=655"}],"curies":[{"name":"wp","href":"https:\/\/api.w.org\/{rel}","templated":true}]}}