{"id":141,"date":"2020-01-27T13:00:46","date_gmt":"2020-01-27T12:00:46","guid":{"rendered":"http:\/\/wp.ljv-sachsen-anhalt.de\/jaegerschaft-saalkreis\/?page_id=141"},"modified":"2026-03-16T17:41:21","modified_gmt":"2026-03-16T16:41:21","slug":"vorstand","status":"publish","type":"page","link":"https:\/\/ljv-sachsen-anhalt.de\/jaegerschaft-saalkreis\/vorstand\/","title":{"rendered":"Vorstand"},"content":{"rendered":"<div class=\"wpb-content-wrapper\"><p>[vc_row][vc_column width=&#8220;1\/4&#8243;][vc_single_image image=&#8220;2030&#8243; img_size=&#8220;medium&#8220; alignment=&#8220;center&#8220; css=&#8220;&#8220;][\/vc_column][vc_column width=&#8220;1\/2&#8243;][vc_column_text css=&#8220;&#8220;]<\/p>\n<h2>1. Vorsitzender<\/h2>\n<p>Johannes Hertema ist seit 22 Jahren passionierter J\u00e4ger. F\u00fchrt 2 Heideterrier und die J\u00e4gerschaft als 1. Vorsitzender seit 2018. Er engagiert sich au\u00dferdem in der Jagdschule und im Pr\u00fcfungsausschuss.[\/vc_column_text][\/vc_column][vc_column width=&#8220;1\/4&#8243;][vc_btn title=&#8220;Kontakt&#8220; color=&#8220;green&#8220; align=&#8220;center&#8220; css=&#8220;&#8220; link=&#8220;url:mailto%3Ajhe%40jaegerschaft-saalkreis.de&#8220;][\/vc_column][\/vc_row][vc_row][vc_column width=&#8220;1\/4&#8243;][vc_single_image css=&#8220;&#8220;][\/vc_column][vc_column width=&#8220;1\/2&#8243;][vc_column_text css=&#8220;&#8220;]<\/p>\n<h2>2. Vorsitzender<\/h2>\n<p>Dr. Thomas Kr\u00fcssel ist J\u00e4ger seit 2004 und jagt seit 2005 im Saalekreis. Er ist Hundef\u00fchrer seit 2008 und f\u00fchrt aktuell zwei jagdlich brauchbare (HZP und BP) Epagneul Breton (Bretonen). Er arbeitet seit 2018 im Vorstand, weil er etwas f\u00fcr die Jagd und J\u00e4ger im Saalekreis bewegen m\u00f6chte![\/vc_column_text][\/vc_column][vc_column width=&#8220;1\/4&#8243;][vc_btn title=&#8220;Kontakt&#8220; color=&#8220;green&#8220; align=&#8220;center&#8220; css=&#8220;&#8220; link=&#8220;url:mailto%3Atkr%40jaegerschaft-saalkreis.de&#8220;][\/vc_column][\/vc_row][vc_row][vc_column width=&#8220;1\/4&#8243;][vc_single_image image=&#8220;2029&#8243; img_size=&#8220;medium&#8220; alignment=&#8220;center&#8220; css=&#8220;&#8220;][\/vc_column][vc_column width=&#8220;1\/2&#8243;][vc_column_text css=&#8220;&#8220;]<\/p>\n<h2>Schatzmeister und Obmann jagdliches Schie\u00dfen<\/h2>\n<p>Hagen Stellmach jagt seit 2015. Er f\u00fchrt einen Rauhaarteckel und einen deutschen Wachtelhund. Neben der T\u00e4tigkeit als Schatzmeister k\u00fcmmert er sich um die Schiessausbildung in der Jagdschule und ist begeisterter Bogensch\u00fctze und Jagdhornbl\u00e4ser.[\/vc_column_text][\/vc_column][vc_column width=&#8220;1\/4&#8243;][vc_btn title=&#8220;Kontakt&#8220; color=&#8220;green&#8220; align=&#8220;center&#8220; css=&#8220;&#8220; link=&#8220;url:mailto%3Ahst%40jaegerschaft-saalkreis.de&#8220;][\/vc_column][\/vc_row][vc_row][vc_column width=&#8220;1\/4&#8243;][vc_single_image image=&#8220;2031&#8243; img_size=&#8220;medium&#8220; alignment=&#8220;center&#8220; css=&#8220;&#8220;][\/vc_column][vc_column width=&#8220;1\/2&#8243;][vc_column_text css=&#8220;&#8220;]<\/p>\n<h2>Obfrau Hundewesen<\/h2>\n<p>Tina hat ihren Jagdschein seit 2019. Sie ist Obfrau f\u00fcr das Hundewesen und f\u00fchrt jagdlich 2 Deutsch Drahthaar. Zus\u00e4tzlich f\u00fchrt sie Jagdsch\u00fcler in den F\u00e4chern Wildbrethygiene und Hundewesen zum gr\u00fcnen Abitur.[\/vc_column_text][\/vc_column][vc_column width=&#8220;1\/4&#8243;][vc_btn title=&#8220;Kontakt&#8220; color=&#8220;green&#8220; align=&#8220;center&#8220; css=&#8220;&#8220; link=&#8220;url:mailto%3Atpa%40jaegerschaft-saalkreis.de&#8220;][\/vc_column][\/vc_row][vc_row][vc_column width=&#8220;1\/4&#8243;][vc_single_image image=&#8220;2033&#8243; img_size=&#8220;medium&#8220; alignment=&#8220;center&#8220; css=&#8220;&#8220;][\/vc_column][vc_column width=&#8220;1\/2&#8243;][vc_column_text css=&#8220;&#8220;]<\/p>\n<h2>Schriftf\u00fchrer<\/h2>\n<p>Steffen Gerull besitzt den Jagdschein seit 2025 und f\u00fchrt eine Tiroler Bracke. Neben seiner T\u00e4tigkeit als Schriftf\u00fchrer unterst\u00fctzt er die J\u00e4gerschaft in Sachen Homepage und digitale Kan\u00e4le.[\/vc_column_text][\/vc_column][vc_column width=&#8220;1\/4&#8243;][vc_btn title=&#8220;Kontakt&#8220; color=&#8220;green&#8220; align=&#8220;center&#8220; css=&#8220;&#8220; link=&#8220;url:mailto%3Asge%40jaegerschaft-saalkreis.de&#8220;][\/vc_column][\/vc_row]<\/p>\n<\/div>","protected":false},"excerpt":{"rendered":"<p>[vc_row][vc_column width=&#8220;1\/4&#8243;][vc_single_image image=&#8220;2030&#8243; img_size=&#8220;medium&#8220; alignment=&#8220;center&#8220; css=&#8220;&#8220;][\/vc_column][vc_column width=&#8220;1\/2&#8243;][vc_column_text css=&#8220;&#8220;] 1. Vorsitzender Johannes Hertema ist seit 22 Jahren passionierter J\u00e4ger. F\u00fchrt 2 Heideterrier und die J\u00e4gerschaft als 1. Vorsitzender seit 2018. Er engagiert sich au\u00dferdem in der Jagdschule und im Pr\u00fcfungsausschuss.[\/vc_column_text][\/vc_column][vc_column width=&#8220;1\/4&#8243;][vc_btn title=&#8220;Kontakt&#8220; color=&#8220;green&#8220; align=&#8220;center&#8220; css=&#8220;&#8220; link=&#8220;url:mailto%3Ajhe%40jaegerschaft-saalkreis.de&#8220;][\/vc_column][\/vc_row][vc_row][vc_column width=&#8220;1\/4&#8243;][vc_single_image css=&#8220;&#8220;][\/vc_column][vc_column width=&#8220;1\/2&#8243;][vc_column_text css=&#8220;&#8220;] 2. [&hellip;]<\/p>\n","protected":false},"author":9,"featured_media":1864,"parent":0,"menu_order":0,"comment_status":"closed","ping_status":"closed","template":"","meta":{"footnotes":""},"class_list":["post-141","page","type-page","status-publish","has-post-thumbnail"],"_links":{"self":[{"href":"https:\/\/ljv-sachsen-anhalt.de\/jaegerschaft-saalkreis\/wp-json\/wp\/v2\/pages\/141","targetHints":{"allow":["GET"]}}],"collection":[{"href":"https:\/\/ljv-sachsen-anhalt.de\/jaegerschaft-saalkreis\/wp-json\/wp\/v2\/pages"}],"about":[{"href":"https:\/\/ljv-sachsen-anhalt.de\/jaegerschaft-saalkreis\/wp-json\/wp\/v2\/types\/page"}],"author":[{"embeddable":true,"href":"https:\/\/ljv-sachsen-anhalt.de\/jaegerschaft-saalkreis\/wp-json\/wp\/v2\/users\/9"}],"replies":[{"embeddable":true,"href":"https:\/\/ljv-sachsen-anhalt.de\/jaegerschaft-saalkreis\/wp-json\/wp\/v2\/comments?post=141"}],"version-history":[{"count":14,"href":"https:\/\/ljv-sachsen-anhalt.de\/jaegerschaft-saalkreis\/wp-json\/wp\/v2\/pages\/141\/revisions"}],"predecessor-version":[{"id":2189,"href":"https:\/\/ljv-sachsen-anhalt.de\/jaegerschaft-saalkreis\/wp-json\/wp\/v2\/pages\/141\/revisions\/2189"}],"wp:featuredmedia":[{"embeddable":true,"href":"https:\/\/ljv-sachsen-anhalt.de\/jaegerschaft-saalkreis\/wp-json\/wp\/v2\/media\/1864"}],"wp:attachment":[{"href":"https:\/\/ljv-sachsen-anhalt.de\/jaegerschaft-saalkreis\/wp-json\/wp\/v2\/media?parent=141"}],"curies":[{"name":"wp","href":"https:\/\/api.w.org\/{rel}","templated":true}]}}