{"id":31,"date":"2020-01-21T02:03:15","date_gmt":"2020-01-21T01:03:15","guid":{"rendered":"http:\/\/wp.ljv-sachsen-anhalt.de\/jaegerschaft-sangerhausen\/?page_id=31"},"modified":"2022-09-18T13:08:53","modified_gmt":"2022-09-18T12:08:53","slug":"galerien","status":"publish","type":"page","link":"https:\/\/ljv-sachsen-anhalt.de\/jaegerschaft-sangerhausen\/galerien\/","title":{"rendered":"Galerien"},"content":{"rendered":"<div class=\"wpb-content-wrapper\"><p>[vc_row][vc_column width=&#8220;1\/3&#8243;][vc_column_text]<\/p>\n<h4>Mitgliederversammlung 2022<\/h4>\n<p>Mitgliederversammlung am 09.04.2022 in der Speisehalle der Freien Grundschule Riestedt[\/vc_column_text][\/vc_column][vc_column width=&#8220;2\/3&#8243;][vc_gallery type=&#8220;image_grid&#8220; images=&#8220;934,933,932,931,930,929,928,927,926,925,924,923,922,921,920,919,918,916,913,912,911,908,910,909,907,906,905,904,903,902,901,900,899,898,897,896,895,894,893,892,890,889,887,886,885,884,883,882,881,880,879,878,877,876,875,874,873&#8243;][\/vc_column][\/vc_row][vc_row][vc_column width=&#8220;1\/3&#8243;][vc_column_text]<\/p>\n<h4>Mitgliederversammlung 2020<\/h4>\n<p>Mitgliederversammlung am 05.09.2020 in der Speisehalle der Freien Grundschule Riestedt im Corona &#8211; Pandemie &#8211; Modus[\/vc_column_text][\/vc_column][vc_column width=&#8220;2\/3&#8243;][vc_gallery type=&#8220;image_grid&#8220; images=&#8220;690,691,692,693,694,696,697,698,699,700,701,702,703,704,705,706,707,708,709,710,711,712,713,714,715,716,717,718,719,720,721,722,723,724,725,726,727,728,729,730,731,732&#8243;][\/vc_column][\/vc_row][vc_row][vc_column width=&#8220;1\/3&#8243;][vc_column_text]<\/p>\n<h4>Mitgliederversammlung 2019<\/h4>\n<p>Mitgliederversammlung am 6.04.2019 in der Speisehalle der Freien Grundschule Riestedt[\/vc_column_text][\/vc_column][vc_column width=&#8220;2\/3&#8243;][vc_gallery type=&#8220;image_grid&#8220; images=&#8220;458,457,455,454,453,452,451,450,449,448,447,445,444,443,442,440,436,434,433,431,430,426,425,424&#8243;][\/vc_column][\/vc_row][vc_row][vc_column width=&#8220;1\/3&#8243;][vc_column_text]<\/p>\n<h4><\/h4>\n<h4><\/h4>\n<h4>J\u00e4gerfest 19.09.2015<strong><br \/>\n<\/strong><\/h4>\n<p>J\u00e4gerfest anl\u00e4sslich des 25. j\u00e4hrigen Jubil\u00e4ums der J\u00e4gerschaft Sangerhausen e. V. in der Kulturscheune im Ohtal[\/vc_column_text][\/vc_column][vc_column width=&#8220;2\/3&#8243;][vc_gallery type=&#8220;image_grid&#8220; images=&#8220;475,474,473,472,471,470,469,468,467,466,465,464,463,462,461&#8243;][\/vc_column][\/vc_row][vc_row][vc_column width=&#8220;1\/3&#8243;][vc_column_text]<\/p>\n<h4><\/h4>\n<h4><\/h4>\n<h4>Stolberger Jagdhornbl\u00e4ser<\/h4>\n<p>[\/vc_column_text][\/vc_column][vc_column width=&#8220;2\/3&#8243;][vc_gallery type=&#8220;image_grid&#8220; images=&#8220;478&#8243;][\/vc_column][\/vc_row]<\/p>\n<\/div>","protected":false},"excerpt":{"rendered":"<p>[vc_row][vc_column width=&#8220;1\/3&#8243;][vc_column_text] Mitgliederversammlung 2022 Mitgliederversammlung am 09.04.2022 in der Speisehalle der Freien Grundschule Riestedt[\/vc_column_text][\/vc_column][vc_column width=&#8220;2\/3&#8243;][vc_gallery type=&#8220;image_grid&#8220; images=&#8220;934,933,932,931,930,929,928,927,926,925,924,923,922,921,920,919,918,916,913,912,911,908,910,909,907,906,905,904,903,902,901,900,899,898,897,896,895,894,893,892,890,889,887,886,885,884,883,882,881,880,879,878,877,876,875,874,873&#8243;][\/vc_column][\/vc_row][vc_row][vc_column width=&#8220;1\/3&#8243;][vc_column_text] Mitgliederversammlung 2020 Mitgliederversammlung am 05.09.2020 in der Speisehalle der Freien Grundschule Riestedt im Corona &#8211; Pandemie &#8211; Modus[\/vc_column_text][\/vc_column][vc_column width=&#8220;2\/3&#8243;][vc_gallery type=&#8220;image_grid&#8220; images=&#8220;690,691,692,693,694,696,697,698,699,700,701,702,703,704,705,706,707,708,709,710,711,712,713,714,715,716,717,718,719,720,721,722,723,724,725,726,727,728,729,730,731,732&#8243;][\/vc_column][\/vc_row][vc_row][vc_column width=&#8220;1\/3&#8243;][vc_column_text] Mitgliederversammlung 2019 Mitgliederversammlung am 6.04.2019 in der Speisehalle der Freien [&hellip;]<\/p>\n","protected":false},"author":1,"featured_media":0,"parent":0,"menu_order":0,"comment_status":"closed","ping_status":"closed","template":"","meta":{"footnotes":""},"class_list":["post-31","page","type-page","status-publish"],"_links":{"self":[{"href":"https:\/\/ljv-sachsen-anhalt.de\/jaegerschaft-sangerhausen\/wp-json\/wp\/v2\/pages\/31","targetHints":{"allow":["GET"]}}],"collection":[{"href":"https:\/\/ljv-sachsen-anhalt.de\/jaegerschaft-sangerhausen\/wp-json\/wp\/v2\/pages"}],"about":[{"href":"https:\/\/ljv-sachsen-anhalt.de\/jaegerschaft-sangerhausen\/wp-json\/wp\/v2\/types\/page"}],"author":[{"embeddable":true,"href":"https:\/\/ljv-sachsen-anhalt.de\/jaegerschaft-sangerhausen\/wp-json\/wp\/v2\/users\/1"}],"replies":[{"embeddable":true,"href":"https:\/\/ljv-sachsen-anhalt.de\/jaegerschaft-sangerhausen\/wp-json\/wp\/v2\/comments?post=31"}],"version-history":[{"count":29,"href":"https:\/\/ljv-sachsen-anhalt.de\/jaegerschaft-sangerhausen\/wp-json\/wp\/v2\/pages\/31\/revisions"}],"predecessor-version":[{"id":937,"href":"https:\/\/ljv-sachsen-anhalt.de\/jaegerschaft-sangerhausen\/wp-json\/wp\/v2\/pages\/31\/revisions\/937"}],"wp:attachment":[{"href":"https:\/\/ljv-sachsen-anhalt.de\/jaegerschaft-sangerhausen\/wp-json\/wp\/v2\/media?parent=31"}],"curies":[{"name":"wp","href":"https:\/\/api.w.org\/{rel}","templated":true}]}}